--------- beginning of /dev/log/system
V/ActivityThread( 2641): com.google.android.partnersetup white listed for hwui
I/ActivityManager( 8880): Start proc com.google.android.gsf.login for service com.google.android.gsf.login/com.google.android.gsf.loginservice.GoogleLoginService: pid=2658 uid=10030 gids={3003, 1015, 1028, 1007, 2001, 3006}
V/ActivityThread( 2658): com.google.android.gsf.login white listed for hwui
I/LocationManagerService( 8880): request network (pid 2625) 285000 285000
D/BackupManagerService( 8880): Now staging backup of android
I/ActivityManager( 8880): Start proc com.android.providers.calendar for content provider com.android.providers.calendar/.CalendarProvider2: pid=2686 uid=10008 gids={3003, 1015, 1028}
V/ActivityThread( 2686): com.android.providers.calendar white listed for hwui
I/LocationManagerService( 8880): remove network (pid 2625), next minTime = 86400000
I/ActivityManager( 8880): Start proc com.android.calendar for broadcast com.android.calendar/.alerts.AlertReceiver: pid=2704 uid=10007 gids={3003, 1028}
V/ActivityThread( 2704): com.android.calendar white listed for hwui
I/ActivityManager( 8880): Process com.google.android.talk (pid 2542) has died.
I/ActivityManager( 8880): Start proc com.etermax.apalabrados.lite for broadcast com.etermax.apalabrados.lite/com.google.android.c2dm.C2DMBroadcastReceiver: pid=2743 uid=10080 gids={3003, 1015, 1028}
V/ActivityThread( 2743): com.etermax.apalabrados.lite white listed for hwui
D/PhoneStatusBar( 8951): addNotification score=0
I/ActivityManager( 8880): Process com.whatsapp (pid 21075) has died.
W/ActivityManager( 8880): Scheduling restart of crashed service com.whatsapp/.messaging.MessageService in 5000ms
I/ActivityManager( 8880): Start proc com.whatsapp for service com.whatsapp/.messaging.MessageService: pid=2807 uid=10086 gids={1015, 3003, 1028}
V/ActivityThread( 2807): com.whatsapp white listed for hwui
I/ActivityManager( 8880): Process com.google.android.partnersetup (pid 2641) has died.
D/ConnectivityService( 8880): ConnectivityChange for WIFI: DISCONNECTED/DISCONNECTED
D/ConnectivityService( 8880): Attempting to switch to mobile
D/ConnectivityService( 8880): Attempting to switch to BLUETOOTH_TETHER
D/ConnectivityService( 8880): resetConnections(wlan0, 3)
D/ConnectivityService( 8880): ConnectivityChange for WIFI: CONNECTED/CONNECTED
D/ConnectivityService( 8880): ConnectivityChange for mobile: CONNECTED/CONNECTED
D/ConnectivityService( 8880): ConnectivityChange for mobile: DISCONNECTED/DISCONNECTED
D/ConnectivityService( 8880): Attempting to switch to WIFI
D/ConnectivityService( 8880): Attempting to switch to BLUETOOTH_TETHER
D/ConnectivityService( 8880): resetConnections(vsnet0, 3)
I/ActivityManager( 8880): Start proc com.android.settings for broadcast com.android.settings/.cmstats.ReportingServiceManager: pid=2923 uid=1000 gids={1015, 3002, 3001, 3003, 1028, 3007}
V/ActivityThread( 2923): com.android.settings white listed for hwui
D/ConnectivityService( 8880): NetTransition Wakelock for WifiStateMachine released by timeout
D/ConnectivityService( 8880): handleInetConditionHoldEnd: net=1, condition=100, published condition=0
I/ActivityManager( 8880): Start proc com.google.android.apps.uploader for broadcast com.google.android.apps.uploader/com.google.android.picasasync.ConnectivityReceiver: pid=2938 uid=10052 gids={3003, 1015, 1028}
V/ActivityThread( 2938): com.google.android.apps.uploader white listed for hwui
I/ActivityManager( 8880): Start proc com.google.android.apps.plus for broadcast com.google.android.apps.plus/com.google.android.picasasync.ConnectivityReceiver: pid=2958 uid=10073 gids={3003, 3002, 1015, 1006, 1028}
I/ActivityManager( 8880): Process com.bel.android.dspmanager (pid 31009) has died.
W/ActivityManager( 8880): Scheduling restart of crashed service com.bel.android.dspmanager/.service.HeadsetService in 5000ms
V/ActivityThread( 2958): com.google.android.apps.plus white listed for hwui
I/ActivityManager( 8880): Process com.google.android.gsf.login (pid 2658) has died.
I/ActivityManager( 8880): Process com.cyanogenmod.LGEServices (pid 31107) has died.
W/ActivityManager( 8880): Scheduling restart of crashed service com.cyanogenmod.LGEServices/.LGEServices in 13782ms
I/ActivityManager( 8880): Process com.android.calendar (pid 2704) has died.
D/ConnectivityService( 8880): handleInetConditionHoldEnd: net=1, condition=100, published condition=100
I/ActivityManager( 8880): Start proc com.amazon.venezia for broadcast com.amazon.venezia/com.amazon.mas.client.ClientBroadcastReceiver: pid=2977 uid=10104 gids={3003, 1015, 1028}
V/ActivityThread( 2977): com.amazon.venezia white listed for hwui
D/ConnectivityService( 8880): handleInetConditionHoldEnd: net=1, condition=100, published condition=100
I/ActivityManager( 8880): Process com.android.providers.calendar (pid 2686) has died.
I/ActivityManager( 8880): Process android.process.acore (pid 2525) has died.
I/ActivityManager( 8880): Start proc com.bel.android.dspmanager for service com.bel.android.dspmanager/.service.HeadsetService: pid=2999 uid=10010 gids={3002, 1028}
V/ActivityThread( 2999): com.bel.android.dspmanager white listed for hwui
I/ActivityManager( 8880): Process com.etermax.apalabrados.lite (pid 2743) has died.
W/ThrottleService( 8880): unable to find stats for iface vsnet0
I/ActivityManager( 8880): Start proc com.cyanogenmod.LGEServices for service com.cyanogenmod.LGEServices/.LGEServices: pid=3056 uid=1000 gids={1015, 3002, 3001, 3003, 1028, 3007}
V/ActivityThread( 3056): com.cyanogenmod.LGEServices white listed for hwui
I/ActivityManager( 8880): Process com.google.android.googlequicksearchbox (pid 2625) has died.
I/ActivityManager( 8880): Config changed: {1.0 214mcc5mnc es_ES sw320dp w320dp h508dp nrml long port finger -keyb/v/h -nav/h s.11 themeResource=null}
W/WindowManager( 8880): Force-removing child win Window{40e36f00 SurfaceView paused=false} from container Window{417204e8 com.popcap.pvz_row/com.popcap.pvz_row.Main paused=false}
W/WindowManager( 8880): Force-removing child win Window{418e07f8 SurfaceView paused=false} from container Window{417204e8 com.popcap.pvz_row/com.popcap.pvz_row.Main paused=false}
W/WindowManager( 8880): Force-removing child win Window{41739da8 SurfaceView paused=false} from container Window{417204e8 com.popcap.pvz_row/com.popcap.pvz_row.Main paused=false}
I/ActivityManager( 8880): START {act=android.intent.action.MAIN cat=[android.intent.category.LAUNCHER] flg=0x10200000 cmp=com.etermax.apalabrados.lite/com.etermax.apalabrados.ui.SplashActivity bnds=[0,546][120,705] u=0} from pid 21527
I/ActivityManager( 8880): Start proc com.etermax.apalabrados.lite for activity com.etermax.apalabrados.lite/.LiteDashboardActivity: pid=3148 uid=10080 gids={3003, 1015, 1028}
V/ActivityThread( 3148): com.etermax.apalabrados.lite white listed for hwui
I/LocationManagerService( 8880): request network (pid 3148) 0 0
I/LocationManagerService( 8880): remove network (pid 3148), next minTime = 86400000
I/ActivityManager( 8880): START {cmp=com.etermax.apalabrados.lite/com.etermax.apalabrados.ui.GameActivity (has extras) u=0} from pid 3148
I/ActivityManager( 8880): Start proc com.google.android.googlequicksearchbox for broadcast com.google.android.googlequicksearchbox/com.google.android.apps.sidekick.GmmLocationProviderImpl$LocationReceiver: pid=3305 uid=10055 gids={3003, 1028, 1007, 3002, 1015}
V/ActivityThread( 3305): com.google.android.googlequicksearchbox white listed for hwui
I/ActivityManager( 8880): Start proc com.google.android.partnersetup for content provider com.google.android.partnersetup/.RlzAppProvider: pid=3321 uid=10049 gids={3003, 1028}
V/ActivityThread( 3321): com.google.android.partnersetup white listed for hwui
I/ActivityManager( 8880): Start proc com.google.android.gsf.login for service com.google.android.gsf.login/com.google.android.gsf.loginservice.GoogleLoginService: pid=3340 uid=10030 gids={3003, 1015, 1028, 1007, 2001, 3006}
V/ActivityThread( 3340): com.google.android.gsf.login white listed for hwui
I/LocationManagerService( 8880): request network (pid 3305) 285000 285000
I/LocationManagerService( 8880): remove network (pid 3305), next minTime = 86400000
I/ActivityManager( 8880): Start proc com.android.providers.calendar for content provider com.android.providers.calendar/.CalendarProvider2: pid=3367 uid=10008 gids={3003, 1015, 1028}
V/ActivityThread( 3367): com.android.providers.calendar white listed for hwui
I/ActivityManager( 8880): Start proc com.android.calendar for broadcast com.android.calendar/.alerts.AlertReceiver: pid=3403 uid=10007 gids={3003, 1028}
V/ActivityThread( 3403): com.android.calendar white listed for hwui
I/ActivityManager( 8880): Start proc android.process.acore for content provider com.android.providers.contacts/.ContactsProvider2: pid=3459 uid=10001 gids={3003, 1015, 1028}
V/ActivityThread( 3459): android.process.acore white listed for hwui
I/ActivityManager( 8880): START {cmp=com.etermax.apalabrados.lite/com.etermax.apalabrados.ui.GameActivity (has extras) u=0} from pid 3148
D/PhoneStatusBar( 8951): disable: < EXPAND* icons alerts TICKER* system_info back home RECENT* clock > D/PhoneStatusBar( 8951): disable: < EXPAND icons alerts TICKER system_info BACK* HOME* RECENT CLOCK* > D/PhoneStatusBar( 8951): addNotification score=0
I/WindowManager( 8880): Lock screen displayed!
E/PowerManagerService( 8880): Excessive delay setting brightness: 407ms, mask=2
D/PhoneStatusBar( 8951): disable: < expand* icons alerts ticker* system_info BACK HOME recent* CLOCK > D/PhoneStatusBar( 8951): disable: < expand icons alerts ticker system_info back* home* recent clock* > W/InputMethodManagerService( 8880): Window already focused, ignoring focus gain of: com.android.internal.view.IInputMethodClient$Stub$Proxy@416ad2c8 attribute=android.view.inputmethod.EditorInfo@418cb920
D/PhoneStatusBar( 8951): disable: < EXPAND* icons alerts TICKER* system_info back home RECENT* clock > D/PhoneStatusBar( 8951): disable: < EXPAND icons alerts TICKER system_info BACK* HOME* RECENT CLOCK* > D/ConnectivityService( 8880): ConnectivityChange for WIFI: DISCONNECTED/DISCONNECTED
D/ConnectivityService( 8880): Attempting to switch to mobile
D/ConnectivityService( 8880): Attempting to switch to BLUETOOTH_TETHER
D/ConnectivityService( 8880): resetConnections(wlan0, 3)
D/ConnectivityService( 8880): ConnectivityChange for mobile: CONNECTED/CONNECTED
D/ConnectivityService( 8880): NetTransition Wakelock for WifiStateMachine released by timeout
D/ConnectivityService( 8880): ConnectivityChange for WIFI: CONNECTED/CONNECTED
D/ConnectivityService( 8880): Policy requires mobile teardown
D/ConnectivityService( 8880): ConnectivityChange for mobile: DISCONNECTED/DISCONNECTED
D/ConnectivityService( 8880): Attempting to switch to WIFI
D/ConnectivityService( 8880): Attempting to switch to BLUETOOTH_TETHER
D/ConnectivityService( 8880): resetConnections(vsnet0, 3)
D/ConnectivityService( 8880): handleInetConditionHoldEnd: net=0, condition=0, published condition=0
D/ConnectivityService( 8880): handleInetConditionHoldEnd: event hold for obsolete network - ignoring
D/ConnectivityService( 8880): handleInetConditionHoldEnd: net=1, condition=0, published condition=0
D/ConnectivityService( 8880): handleInetConditionHoldEnd: net=1, condition=100, published condition=0
I/ActivityManager( 8880): Start proc com.google.android.talk for broadcast com.google.android.talk/.ConnectionStateOnlineReceiver: pid=4190 uid=10057 gids={3003, 1015, 1006, 3002, 1028}
V/ActivityThread( 4190): com.google.android.talk white listed for hwui
I/ActivityManager( 8880): No longer want com.popcap.pvz_row (pid 32190): hidden #16
D/ConnectivityService( 8880): ConnectivityChange for WIFI: DISCONNECTED/DISCONNECTED
D/ConnectivityService( 8880): Attempting to switch to mobile
D/ConnectivityService( 8880): Attempting to switch to BLUETOOTH_TETHER
D/ConnectivityService( 8880): resetConnections(wlan0, 3)
W/ThrottleService( 8880): unable to find stats for iface vsnet0
D/ConnectivityService( 8880): ConnectivityChange for mobile: CONNECTED/CONNECTED
D/ConnectivityService( 8880): ConnectivityChange for WIFI: CONNECTED/CONNECTED
D/ConnectivityService( 8880): Policy requires mobile teardown
D/ConnectivityService( 8880): ConnectivityChange for mobile: DISCONNECTED/DISCONNECTED
D/ConnectivityService( 8880): Attempting to switch to WIFI
D/ConnectivityService( 8880): Attempting to switch to BLUETOOTH_TETHER
D/ConnectivityService( 8880): resetConnections(vsnet0, 3)
D/ConnectivityService( 8880): NetTransition Wakelock for WifiStateMachine released by timeout
D/ConnectivityService( 8880): handleInetConditionHoldEnd: net=1, condition=100, published condition=0
D/ConnectivityService( 8880): handleInetConditionHoldEnd: net=1, condition=100, published condition=100
D/ConnectivityService( 8880): ConnectivityChange for WIFI: DISCONNECTED/DISCONNECTED
D/ConnectivityService( 8880): Attempting to switch to mobile
D/ConnectivityService( 8880): Attempting to switch to BLUETOOTH_TETHER
D/ConnectivityService( 8880): resetConnections(wlan0, 3)
D/ConnectivityService( 8880): ConnectivityChange for mobile: CONNECTED/CONNECTED
D/ConnectivityService( 8880): ConnectivityChange for WIFI: CONNECTED/CONNECTED
D/ConnectivityService( 8880): Policy requires mobile teardown
D/ConnectivityService( 8880): ConnectivityChange for mobile: DISCONNECTED/DISCONNECTED
D/ConnectivityService( 8880): Attempting to switch to WIFI
D/ConnectivityService( 8880): Attempting to switch to BLUETOOTH_TETHER
D/ConnectivityService( 8880): resetConnections(vsnet0, 3)
D/ConnectivityService( 8880): NetTransition Wakelock for WifiStateMachine released by timeout
D/ConnectivityService( 8880): handleInetConditionHoldEnd: net=1, condition=100, published condition=0
D/ConnectivityService( 8880): handleInetConditionHoldEnd: net=1, condition=100, published condition=100
I/WindowManager( 8880): Lock screen displayed!
E/PowerManagerService( 8880): Excessive delay setting brightness: 371ms, mask=2
D/PhoneStatusBar( 8951): disable: < expand* icons alerts ticker* system_info BACK HOME recent* CLOCK > D/PhoneStatusBar( 8951): disable: < expand icons alerts ticker system_info back* home* recent clock* > W/InputMethodManagerService( 8880): Window already focused, ignoring focus gain of: com.android.internal.view.IInputMethodClient$Stub$Proxy@40e81b30 attribute=android.view.inputmethod.EditorInfo@418ab878
W/PowerUI ( 8951): unknown intent: Intent { act=android.intent.action.ACTION_POWER_CONNECTED flg=0x8000010 }
I/ActivityManager( 8880): Start proc com.google.android.apps.maps for broadcast com.google.android.apps.maps/com.google.googlenav.android.MapServiceReceiver: pid=4494 uid=10088 gids={3003, 1015, 1028}
V/ActivityThread( 4494): com.google.android.apps.maps white listed for hwui
I/ActivityManager( 8880): moveTaskToBack: 32
D/PhoneStatusBar( 8951): addNotification score=-20
D/PhoneStatusBar( 8951): addNotification score=-10
I/ActivityManager( 8880): START {act=android.intent.action.MAIN cat=[android.intent.category.HOME] flg=0x10200000 cmp=com.cyanogenmod.trebuchet/.Launcher u=0} from pid 8880
D/PhoneStatusBar( 8951): disable: < EXPAND* icons alerts TICKER* system_info back home RECENT* clock > D/PhoneStatusBar( 8951): disable: < EXPAND icons alerts TICKER system_info BACK* HOME* RECENT CLOCK* > I/WindowManager( 8880): Lock screen displayed!
E/PowerManagerService( 8880): Excessive delay setting brightness: 358ms, mask=2
D/PhoneStatusBar( 8951): disable: < expand* icons alerts ticker* system_info BACK HOME recent* CLOCK > D/PhoneStatusBar( 8951): disable: < expand icons alerts ticker system_info back* home* recent clock* > W/InputMethodManagerService( 8880): Window already focused, ignoring focus gain of: com.android.internal.view.IInputMethodClient$Stub$Proxy@40f1db10 attribute=android.view.inputmethod.EditorInfo@40ebc9c0
D/PhoneStatusBar( 8951): disable: < expand icons alerts TICKER* system_info back home recent clock > W/InputMethodManagerService( 8880): Window already focused, ignoring focus gain of: com.android.internal.view.IInputMethodClient$Stub$Proxy@41197898 attribute=null
D/PhoneStatusBar( 8951): disable: < expand icons alerts ticker* system_info back home recent clock > D/PhoneStatusBar( 8951): disable: < expand icons alerts TICKER* system_info back home recent clock > W/InputMethodManagerService( 8880): Window already focused, ignoring focus gain of: com.android.internal.view.IInputMethodClient$Stub$Proxy@411ca7e8 attribute=null
D/PhoneStatusBar( 8951): disable: < expand icons alerts ticker* system_info back home recent clock > I/ActivityManager( 8880): START {act=android.intent.action.MAIN cat=[android.intent.category.LAUNCHER] flg=0x10200000 cmp=com.android.settings/.Settings u=0} from pid 21527
D/WifiService( 8880): setWifiEnabled: true pid=2923, uid=1000
D/WifiService( 8880): setWifiEnabled: false pid=2923, uid=1000
D/ConnectivityService( 8880): ConnectivityChange for WIFI: DISCONNECTED/DISCONNECTED
D/ConnectivityService( 8880): Attempting to switch to mobile
D/ConnectivityService( 8880): Attempting to switch to BLUETOOTH_TETHER
D/ConnectivityService( 8880): resetConnections(wlan0, 3)
D/BackupManagerService( 8880): Now staging backup of com.android.providers.settings
D/NetlinkEvent( 8698): Unexpected netlink message. type=0x11
I/ActivityManager( 8880): START {act=android.intent.action.MAIN cmp=com.android.settings/.SubSettings (has extras) u=0} from pid 2923
D/ConnectivityService( 8880): ConnectivityChange for mobile: CONNECTED/CONNECTED
D/ConnectivityService( 8880): NetTransition Wakelock for WifiStateMachine released by timeout
D/ConnectivityService( 8880): handleInetConditionHoldEnd: net=0, condition=100, published condition=0
W/ActivityManager( 8880): Unable to start service Intent { act=com.google.android.gms.analytics.service.START (has extras) }: not found
W/ActivityManager( 8880): Unable to start service Intent { act=com.google.android.gms.analytics.service.START (has extras) }: not found
I/WindowManager( 8880): No lock screen!
E/PowerManagerService( 8880): Excessive delay setting brightness: 358ms, mask=2
D/ConnectivityService( 8880): ConnectivityChange for mobile: DISCONNECTED/DISCONNECTED
D/ConnectivityService( 8880): Attempting to switch to WIFI
D/ConnectivityService( 8880): Attempting to switch to BLUETOOTH_TETHER
D/ConnectivityService( 8880): resetConnections(vsnet0, 3)
D/ConnectivityService( 8880): handleInetConditionChange: no active default network - ignore
I/ActivityManager( 8880): START {act=android.intent.action.MAIN cat=[com.android.settings.SHORTCUT] flg=0x10200000 cmp=com.android.settings/.Settings$DataUsageSummaryActivity bnds=[360,546][480,705] u=0} from pid 21527
E/AndroidRuntime( 2923): FATAL EXCEPTION: main
E/AndroidRuntime( 2923): java.lang.RuntimeException: Unable to start activity ComponentInfo{com.android.settings/com.android.settings.Settings$DataUsageSummaryActivity}: java.lang.IllegalStateException: Bandwidth module disabled
E/AndroidRuntime( 2923): at android.app.ActivityThread.performLaunchActivity(ActivityThread.java:2187)
E/AndroidRuntime( 2923): at android.app.ActivityThread.handleLaunchActivity(ActivityThread.java:2212)
E/AndroidRuntime( 2923): at android.app.ActivityThread.access$600(ActivityThread.java:144)
E/AndroidRuntime( 2923): at android.app.ActivityThread$H.handleMessage(ActivityThread.java:1210)
E/AndroidRuntime( 2923): at android.os.Handler.dispatchMessage(Handler.java:99)
E/AndroidRuntime( 2923): at android.os.Looper.loop(Looper.java:137)
E/AndroidRuntime( 2923): at android.app.ActivityThread.main(ActivityThread.java:4963)
E/AndroidRuntime( 2923): at java.lang.reflect.Method.invokeNative(Native Method)
E/AndroidRuntime( 2923): at java.lang.reflect.Method.invoke(Method.java:511)
E/AndroidRuntime( 2923): at com.android.internal.os.ZygoteInit$MethodAndArgsCaller.run(ZygoteInit.java:791)
E/AndroidRuntime( 2923): at com.android.internal.os.ZygoteInit.main(ZygoteInit.java:558)
E/AndroidRuntime( 2923): at dalvik.system.NativeStart.main(Native Method)
E/AndroidRuntime( 2923): Caused by: java.lang.IllegalStateException: Bandwidth module disabled
E/AndroidRuntime( 2923): at android.os.Parcel.readException(Parcel.java:1433)
E/AndroidRuntime( 2923): at android.os.Parcel.readException(Parcel.java:1379)
E/AndroidRuntime( 2923): at android.net.INetworkStatsService$Stub$Proxy.openSession(INetworkStatsService.java:164)
E/AndroidRuntime( 2923): at com.android.settings.DataUsageSummary.onCreateView(DataUsageSummary.java:301)
E/AndroidRuntime( 2923): at android.app.FragmentManagerImpl.moveToState(FragmentManager.java:829)
E/AndroidRuntime( 2923): at android.app.FragmentManagerImpl.moveToState(FragmentManager.java:1035)
E/AndroidRuntime( 2923): at android.app.BackStackRecord.run(BackStackRecord.java:635)
E/AndroidRuntime( 2923): at android.app.FragmentManagerImpl.execPendingActions(FragmentManager.java:1397)
E/AndroidRuntime( 2923): at android.app.Activity.performStart(Activity.java:5017)
E/AndroidRuntime( 2923): at android.app.ActivityThread.performLaunchActivity(ActivityThread.java:2150)
E/AndroidRuntime( 2923): ... 11 more
W/ActivityManager( 8880): Force finishing activity com.android.settings/.Settings$DataUsageSummaryActivity
W/ActivityManager( 8880): Activity pause timeout for ActivityRecord{40e4e598 com.android.settings/.Settings$DataUsageSummaryActivity}
I/ActivityManager( 8880): Process com.android.settings (pid 2923) has died.
W/InputMethodManagerService( 8880): Window already focused, ignoring focus gain of: com.android.internal.view.IInputMethodClient$Stub$Proxy@414399b0 attribute=android.view.inputmethod.EditorInfo@40eaaea0
I/ActivityManager( 8880): Start proc com.android.settings for broadcast com.android.settings/.cmstats.ReportingServiceManager: pid=4907 uid=1000 gids={1015, 3002, 3001, 3003, 1028, 3007}
V/ActivityThread( 4907): com.android.settings white listed for hwui
I/ActivityManager( 8880): START {act=android.intent.action.MAIN cat=[com.android.settings.SHORTCUT] flg=0x10200000 cmp=com.android.settings/.Settings$DataUsageSummaryActivity bnds=[360,546][480,705] u=0} from pid 21527
E/AndroidRuntime( 4907): FATAL EXCEPTION: main
E/AndroidRuntime( 4907): java.lang.RuntimeException: Unable to start activity ComponentInfo{com.android.settings/com.android.settings.Settings$DataUsageSummaryActivity}: java.lang.IllegalStateException: Bandwidth module disabled
E/AndroidRuntime( 4907): at android.app.ActivityThread.performLaunchActivity(ActivityThread.java:2187)
E/AndroidRuntime( 4907): at android.app.ActivityThread.handleLaunchActivity(ActivityThread.java:2212)
E/AndroidRuntime( 4907): at android.app.ActivityThread.access$600(ActivityThread.java:144)
E/AndroidRuntime( 4907): at android.app.ActivityThread$H.handleMessage(ActivityThread.java:1210)
E/AndroidRuntime( 4907): at android.os.Handler.dispatchMessage(Handler.java:99)
E/AndroidRuntime( 4907): at android.os.Looper.loop(Looper.java:137)
E/AndroidRuntime( 4907): at android.app.ActivityThread.main(ActivityThread.java:4963)
E/AndroidRuntime( 4907): at java.lang.reflect.Method.invokeNative(Native Method)
E/AndroidRuntime( 4907): at java.lang.reflect.Method.invoke(Method.java:511)
E/AndroidRuntime( 4907): at com.android.internal.os.ZygoteInit$MethodAndArgsCaller.run(ZygoteInit.java:791)
E/AndroidRuntime( 4907): at com.android.internal.os.ZygoteInit.main(ZygoteInit.java:558)
E/AndroidRuntime( 4907): at dalvik.system.NativeStart.main(Native Method)
E/AndroidRuntime( 4907): Caused by: java.lang.IllegalStateException: Bandwidth module disabled
E/AndroidRuntime( 4907): at android.os.Parcel.readException(Parcel.java:1433)
E/AndroidRuntime( 4907): at android.os.Parcel.readException(Parcel.java:1379)
E/AndroidRuntime( 4907): at android.net.INetworkStatsService$Stub$Proxy.openSession(INetworkStatsService.java:164)
E/AndroidRuntime( 4907): at com.android.settings.DataUsageSummary.onCreateView(DataUsageSummary.java:301)
E/AndroidRuntime( 4907): at android.app.FragmentManagerImpl.moveToState(FragmentManager.java:829)
E/AndroidRuntime( 4907): at android.app.FragmentManagerImpl.moveToState(FragmentManager.java:1035)
E/AndroidRuntime( 4907): at android.app.BackStackRecord.run(BackStackRecord.java:635)
E/AndroidRuntime( 4907): at android.app.FragmentManagerImpl.execPendingActions(FragmentManager.java:1397)
E/AndroidRuntime( 4907): at android.app.Activity.performStart(Activity.java:5017)
E/AndroidRuntime( 4907): at android.app.ActivityThread.performLaunchActivity(ActivityThread.java:2150)
E/AndroidRuntime( 4907): ... 11 more
W/ActivityManager( 8880): Process com.android.settings has crashed too many times: killing!
W/ActivityManager( 8880): Force finishing activity com.android.settings/.Settings$DataUsageSummaryActivity
I/ActivityManager( 8880): Killing proc 4907:com.android.settings/1000: crash
W/InputMethodManagerService( 8880): Window already focused, ignoring focus gain of: com.android.internal.view.IInputMethodClient$Stub$Proxy@41517768 attribute=null
D/ConnectivityService( 8880): ConnectivityChange for mobile: CONNECTED/CONNECTED
I/ActivityManager( 8880): START {act=android.intent.action.MAIN cat=[com.android.settings.SHORTCUT] flg=0x10200000 cmp=com.android.settings/.Settings$DataUsageSummaryActivity bnds=[360,546][480,705] u=0} from pid 21527
I/ActivityManager( 8880): Start proc com.android.settings for activity com.android.settings/.Settings$DataUsageSummaryActivity: pid=4959 uid=1000 gids={1015, 3002, 3001, 3003, 1028, 3007}
V/ActivityThread( 4959): com.android.settings white listed for hwui
E/AndroidRuntime( 4959): FATAL EXCEPTION: main
E/AndroidRuntime( 4959): java.lang.RuntimeException: Unable to start activity ComponentInfo{com.android.settings/com.android.settings.Settings$DataUsageSummaryActivity}: java.lang.IllegalStateException: Bandwidth module disabled
E/AndroidRuntime( 4959): at android.app.ActivityThread.performLaunchActivity(ActivityThread.java:2187)
E/AndroidRuntime( 4959): at android.app.ActivityThread.handleLaunchActivity(ActivityThread.java:2212)
E/AndroidRuntime( 4959): at android.app.ActivityThread.access$600(ActivityThread.java:144)
E/AndroidRuntime( 4959): at android.app.ActivityThread$H.handleMessage(ActivityThread.java:1210)
E/AndroidRuntime( 4959): at android.os.Handler.dispatchMessage(Handler.java:99)
E/AndroidRuntime( 4959): at android.os.Looper.loop(Looper.java:137)
E/AndroidRuntime( 4959): at android.app.ActivityThread.main(ActivityThread.java:4963)
E/AndroidRuntime( 4959): at java.lang.reflect.Method.invokeNative(Native Method)
E/AndroidRuntime( 4959): at java.lang.reflect.Method.invoke(Method.java:511)
E/AndroidRuntime( 4959): at com.android.internal.os.ZygoteInit$MethodAndArgsCaller.run(ZygoteInit.java:791)
E/AndroidRuntime( 4959): at com.android.internal.os.ZygoteInit.main(ZygoteInit.java:558)
E/AndroidRuntime( 4959): at dalvik.system.NativeStart.main(Native Method)
E/AndroidRuntime( 4959): Caused by: java.lang.IllegalStateException: Bandwidth module disabled
E/AndroidRuntime( 4959): at android.os.Parcel.readException(Parcel.java:1433)
E/AndroidRuntime( 4959): at android.os.Parcel.readException(Parcel.java:1379)
E/AndroidRuntime( 4959): at android.net.INetworkStatsService$Stub$Proxy.openSession(INetworkStatsService.java:164)
E/AndroidRuntime( 4959): at com.android.settings.DataUsageSummary.onCreateView(DataUsageSummary.java:301)
E/AndroidRuntime( 4959): at android.app.FragmentManagerImpl.moveToState(FragmentManager.java:829)
E/AndroidRuntime( 4959): at android.app.FragmentManagerImpl.moveToState(FragmentManager.java:1035)
E/AndroidRuntime( 4959): at android.app.BackStackRecord.run(BackStackRecord.java:635)
E/AndroidRuntime( 4959): at android.app.FragmentManagerImpl.execPendingActions(FragmentManager.java:1397)
E/AndroidRuntime( 4959): at android.app.Activity.performStart(Activity.java:5017)
E/AndroidRuntime( 4959): at android.app.ActivityThread.performLaunchActivity(ActivityThread.java:2150)
E/AndroidRuntime( 4959): ... 11 more
W/ActivityManager( 8880): Force finishing activity com.android.settings/.Settings$DataUsageSummaryActivity
W/ActivityManager( 8880): Activity pause timeout for ActivityRecord{40f40728 com.android.settings/.Settings$DataUsageSummaryActivity}
W/InputMethodManagerService( 8880): Window already focused, ignoring focus gain of: com.android.internal.view.IInputMethodClient$Stub$Proxy@41055a38 attribute=null
I/ActivityManager( 8880): Process com.android.settings (pid 4959) has died.
I/ActivityManager( 8880): Start proc com.android.settings for broadcast com.android.settings/.cmstats.ReportingServiceManager: pid=4982 uid=1000 gids={1015, 3002, 3001, 3003, 1028, 3007}
V/ActivityThread( 4982): com.android.settings white listed for hwui
W/ActivityManager( 8880): Activity destroy timeout for ActivityRecord{40e4e598 com.android.settings/.Settings$DataUsageSummaryActivity}
D/ConnectivityService( 8880): handleInetConditionHoldEnd: net=0, condition=100, published condition=0
W/ActivityManager( 8880): Activity destroy timeout for ActivityRecord{40f40728 com.android.settings/.Settings$DataUsageSummaryActivity}
I/ActivityManager( 8880): START {act=android.intent.action.MAIN cat=[com.android.settings.SHORTCUT] flg=0x10200000 cmp=com.android.settings/.Settings$DataUsageSummaryActivity bnds=[360,546][480,705] u=0} from pid 21527
E/AndroidRuntime( 4982): FATAL EXCEPTION: main
E/AndroidRuntime( 4982): java.lang.RuntimeException: Unable to start activity ComponentInfo{com.android.settings/com.android.settings.Settings$DataUsageSummaryActivity}: java.lang.IllegalStateException: Bandwidth module disabled
E/AndroidRuntime( 4982): at android.app.ActivityThread.performLaunchActivity(ActivityThread.java:2187)
E/AndroidRuntime( 4982): at android.app.ActivityThread.handleLaunchActivity(ActivityThread.java:2212)
E/AndroidRuntime( 4982): at android.app.ActivityThread.access$600(ActivityThread.java:144)
E/AndroidRuntime( 4982): at android.app.ActivityThread$H.handleMessage(ActivityThread.java:1210)
E/AndroidRuntime( 4982): at android.os.Handler.dispatchMessage(Handler.java:99)
E/AndroidRuntime( 4982): at android.os.Looper.loop(Looper.java:137)
E/AndroidRuntime( 4982): at android.app.ActivityThread.main(ActivityThread.java:4963)
E/AndroidRuntime( 4982): at java.lang.reflect.Method.invokeNative(Native Method)
E/AndroidRuntime( 4982): at java.lang.reflect.Method.invoke(Method.java:511)
E/AndroidRuntime( 4982): at com.android.internal.os.ZygoteInit$MethodAndArgsCaller.run(ZygoteInit.java:791)
E/AndroidRuntime( 4982): at com.android.internal.os.ZygoteInit.main(ZygoteInit.java:558)
E/AndroidRuntime( 4982): at dalvik.system.NativeStart.main(Native Method)
E/AndroidRuntime( 4982): Caused by: java.lang.IllegalStateException: Bandwidth module disabled
E/AndroidRuntime( 4982): at android.os.Parcel.readException(Parcel.java:1433)
E/AndroidRuntime( 4982): at android.os.Parcel.readException(Parcel.java:1379)
E/AndroidRuntime( 4982): at android.net.INetworkStatsService$Stub$Proxy.openSession(INetworkStatsService.java:164)
E/AndroidRuntime( 4982): at com.android.settings.DataUsageSummary.onCreateView(DataUsageSummary.java:301)
E/AndroidRuntime( 4982): at android.app.FragmentManagerImpl.moveToState(FragmentManager.java:829)
E/AndroidRuntime( 4982): at android.app.FragmentManagerImpl.moveToState(FragmentManager.java:1035)
E/AndroidRuntime( 4982): at android.app.BackStackRecord.run(BackStackRecord.java:635)
E/AndroidRuntime( 4982): at android.app.FragmentManagerImpl.execPendingActions(FragmentManager.java:1397)
E/AndroidRuntime( 4982): at android.app.Activity.performStart(Activity.java:5017)
E/AndroidRuntime( 4982): at android.app.ActivityThread.performLaunchActivity(ActivityThread.java:2150)
E/AndroidRuntime( 4982): ... 11 more
W/ActivityManager( 8880): Process com.android.settings has crashed too many times: killing!
W/ActivityManager( 8880): Force finishing activity com.android.settings/.Settings$DataUsageSummaryActivity
I/ActivityManager( 8880): Killing proc 4982:com.android.settings/1000: crash
W/InputMethodManagerService( 8880): Window already focused, ignoring focus gain of: com.android.internal.view.IInputMethodClient$Stub$Proxy@418ef7b8 attribute=null
I/ActivityManager( 8880): START {act=android.intent.action.MAIN cat=[com.android.settings.SHORTCUT] flg=0x10200000 cmp=com.android.settings/.Settings$DataUsageSummaryActivity bnds=[360,546][480,705] u=0} from pid 21527
I/ActivityManager( 8880): Start proc com.android.settings for activity com.android.settings/.Settings$DataUsageSummaryActivity: pid=5079 uid=1000 gids={1015, 3002, 3001, 3003, 1028, 3007}
V/ActivityThread( 5079): com.android.settings white listed for hwui
E/AndroidRuntime( 5079): FATAL EXCEPTION: main
E/AndroidRuntime( 5079): java.lang.RuntimeException: Unable to start activity ComponentInfo{com.android.settings/com.android.settings.Settings$DataUsageSummaryActivity}: java.lang.IllegalStateException: Bandwidth module disabled
E/AndroidRuntime( 5079): at android.app.ActivityThread.performLaunchActivity(ActivityThread.java:2187)
E/AndroidRuntime( 5079): at android.app.ActivityThread.handleLaunchActivity(ActivityThread.java:2212)
E/AndroidRuntime( 5079): at android.app.ActivityThread.access$600(ActivityThread.java:144)
E/AndroidRuntime( 5079): at android.app.ActivityThread$H.handleMessage(ActivityThread.java:1210)
E/AndroidRuntime( 5079): at android.os.Handler.dispatchMessage(Handler.java:99)
E/AndroidRuntime( 5079): at android.os.Looper.loop(Looper.java:137)
E/AndroidRuntime( 5079): at android.app.ActivityThread.main(ActivityThread.java:4963)
E/AndroidRuntime( 5079): at java.lang.reflect.Method.invokeNative(Native Method)
E/AndroidRuntime( 5079): at java.lang.reflect.Method.invoke(Method.java:511)
E/AndroidRuntime( 5079): at com.android.internal.os.ZygoteInit$MethodAndArgsCaller.run(ZygoteInit.java:791)
E/AndroidRuntime( 5079): at com.android.internal.os.ZygoteInit.main(ZygoteInit.java:558)
E/AndroidRuntime( 5079): at dalvik.system.NativeStart.main(Native Method)
E/AndroidRuntime( 5079): Caused by: java.lang.IllegalStateException: Bandwidth module disabled
E/AndroidRuntime( 5079): at android.os.Parcel.readException(Parcel.java:1433)
E/AndroidRuntime( 5079): at android.os.Parcel.readException(Parcel.java:1379)
E/AndroidRuntime( 5079): at android.net.INetworkStatsService$Stub$Proxy.openSession(INetworkStatsService.java:164)
E/AndroidRuntime( 5079): at com.android.settings.DataUsageSummary.onCreateView(DataUsageSummary.java:301)
E/AndroidRuntime( 5079): at android.app.FragmentManagerImpl.moveToState(FragmentManager.java:829)
E/AndroidRuntime( 5079): at android.app.FragmentManagerImpl.moveToState(FragmentManager.java:1035)
E/AndroidRuntime( 5079): at android.app.BackStackRecord.run(BackStackRecord.java:635)
E/AndroidRuntime( 5079): at android.app.FragmentManagerImpl.execPendingActions(FragmentManager.java:1397)
E/AndroidRuntime( 5079): at android.app.Activity.performStart(Activity.java:5017)
E/AndroidRuntime( 5079): at android.app.ActivityThread.performLaunchActivity(ActivityThread.java:2150)
E/AndroidRuntime( 5079): ... 11 more
W/ActivityManager( 8880): Force finishing activity com.android.settings/.Settings$DataUsageSummaryActivity
W/ActivityManager( 8880): Activity pause timeout for ActivityRecord{40e4d758 com.android.settings/.Settings$DataUsageSummaryActivity}
W/InputMethodManagerService( 8880): Window already focused, ignoring focus gain of: com.android.internal.view.IInputMethodClient$Stub$Proxy@411f97f0 attribute=null
I/ActivityManager( 8880): Process com.android.settings (pid 5079) has died.
I/ActivityManager( 8880): START {act=android.intent.action.MAIN cat=[com.android.settings.SHORTCUT] flg=0x10200000 cmp=com.android.settings/.Settings$DataUsageSummaryActivity bnds=[360,546][480,705] u=0} from pid 21527
I/ActivityManager( 8880): Start proc com.android.settings for activity com.android.settings/.Settings$DataUsageSummaryActivity: pid=5117 uid=1000 gids={1015, 3002, 3001, 3003, 1028, 3007}
V/ActivityThread( 5117): com.android.settings white listed for hwui
E/AndroidRuntime( 5117): FATAL EXCEPTION: main
E/AndroidRuntime( 5117): java.lang.RuntimeException: Unable to start activity ComponentInfo{com.android.settings/com.android.settings.Settings$DataUsageSummaryActivity}: java.lang.IllegalStateException: Bandwidth module disabled
E/AndroidRuntime( 5117): at android.app.ActivityThread.performLaunchActivity(ActivityThread.java:2187)
E/AndroidRuntime( 5117): at android.app.ActivityThread.handleLaunchActivity(ActivityThread.java:2212)
E/AndroidRuntime( 5117): at android.app.ActivityThread.access$600(ActivityThread.java:144)
E/AndroidRuntime( 5117): at android.app.ActivityThread$H.handleMessage(ActivityThread.java:1210)
E/AndroidRuntime( 5117): at android.os.Handler.dispatchMessage(Handler.java:99)
E/AndroidRuntime( 5117): at android.os.Looper.loop(Looper.java:137)
E/AndroidRuntime( 5117): at android.app.ActivityThread.main(ActivityThread.java:4963)
E/AndroidRuntime( 5117): at java.lang.reflect.Method.invokeNative(Native Method)
E/AndroidRuntime( 5117): at java.lang.reflect.Method.invoke(Method.java:511)
E/AndroidRuntime( 5117): at com.android.internal.os.ZygoteInit$MethodAndArgsCaller.run(ZygoteInit.java:791)
E/AndroidRuntime( 5117): at com.android.internal.os.ZygoteInit.main(ZygoteInit.java:558)
E/AndroidRuntime( 5117): at dalvik.system.NativeStart.main(Native Method)
E/AndroidRuntime( 5117): Caused by: java.lang.IllegalStateException: Bandwidth module disabled
E/AndroidRuntime( 5117): at android.os.Parcel.readException(Parcel.java:1433)
E/AndroidRuntime( 5117): at android.os.Parcel.readException(Parcel.java:1379)
E/AndroidRuntime( 5117): at android.net.INetworkStatsService$Stub$Proxy.openSession(INetworkStatsService.java:164)
E/AndroidRuntime( 5117): at com.android.settings.DataUsageSummary.onCreateView(DataUsageSummary.java:301)
E/AndroidRuntime( 5117): at android.app.FragmentManagerImpl.moveToState(FragmentManager.java:829)
E/AndroidRuntime( 5117): at android.app.FragmentManagerImpl.moveToState(FragmentManager.java:1035)
E/AndroidRuntime( 5117): at android.app.BackStackRecord.run(BackStackRecord.java:635)
E/AndroidRuntime( 5117): at android.app.FragmentManagerImpl.execPendingActions(FragmentManager.java:1397)
E/AndroidRuntime( 5117): at android.app.Activity.performStart(Activity.java:5017)
E/AndroidRuntime( 5117): at android.app.ActivityThread.performLaunchActivity(ActivityThread.java:2150)
E/AndroidRuntime( 5117): ... 11 more
W/ActivityManager( 8880): Force finishing activity com.android.settings/.Settings$DataUsageSummaryActivity
W/ActivityManager( 8880): Activity pause timeout for ActivityRecord{40e1ed30 com.android.settings/.Settings$DataUsageSummaryActivity}
W/InputMethodManagerService( 8880): Window already focused, ignoring focus gain of: com.android.internal.view.IInputMethodClient$Stub$Proxy@40e9c3e0 attribute=null
I/ActivityManager( 8880): Process com.android.settings (pid 5117) has died.
W/ActivityManager( 8880): Activity destroy timeout for ActivityRecord{40e4d758 com.android.settings/.Settings$DataUsageSummaryActivity}
W/ActivityManager( 8880): Activity destroy timeout for ActivityRecord{40e1ed30 com.android.settings/.Settings$DataUsageSummaryActivity}
D/PhoneStatusBar( 8951): disable: < EXPAND* icons alerts TICKER* system_info back home RECENT* clock > D/PhoneStatusBar( 8951): disable: < EXPAND icons alerts TICKER system_info BACK* HOME* RECENT CLOCK* > W/ThrottleService( 8880): unable to find stats for iface vsnet0
I/WindowManager( 8880): Lock screen displayed!
E/PowerManagerService( 8880): Excessive delay setting brightness: 362ms, mask=2
D/ConnectivityService( 8880): ConnectivityChange for mobile: DISCONNECTED/DISCONNECTED
D/ConnectivityService( 8880): Attempting to switch to WIFI
D/ConnectivityService( 8880): Attempting to switch to BLUETOOTH_TETHER
D/ConnectivityService( 8880): resetConnections(vsnet0, 3)
D/ConnectivityService( 8880): handleInetConditionChange: no active default network - ignore
D/PhoneStatusBar( 8951): disable: < expand* icons alerts ticker* system_info BACK HOME recent* CLOCK > D/PhoneStatusBar( 8951): disable: < expand icons alerts ticker system_info back* home* recent clock* > W/InputMethodManagerService( 8880): Window already focused, ignoring focus gain of: com.android.internal.view.IInputMethodClient$Stub$Proxy@41517768 attribute=android.view.inputmethod.EditorInfo@4163a7f8
D/PhoneStatusBar( 8951): disable: < expand icons alerts TICKER* system_info back home recent clock > I/ActivityManager( 8880): Start proc com.android.settings for broadcast com.android.settings/.cmstats.ReportingServiceManager: pid=5226 uid=1000 gids={1015, 3002, 3001, 3003, 1028, 3007}
V/ActivityThread( 5226): com.android.settings white listed for hwui
W/ProcessStats( 8880): Skipping unknown process pid 5223
W/ProcessStats( 8880): Skipping unknown process pid 5224
W/ProcessStats( 8880): Skipping unknown process pid 5225
I/ActivityManager( 8880): START {act=android.intent.action.MAIN cat=[android.intent.category.LAUNCHER] flg=0x10008000 cmp=com.android.settings/.UsbSettings bnds=[0,254][480,349] u=0} from pid -1
D/PhoneStatusBar( 8951): disable: < expand icons alerts ticker* system_info back home recent clock > D/ConnectivityService( 8880): ConnectivityChange for mobile: CONNECTED/CONNECTED
D/PhoneStatusBar( 8951): addNotification score=-20
D/ConnectivityService( 8880): handleInetConditionHoldEnd: net=0, condition=100, published condition=0
D/PhoneStatusBar( 8951): disable: < EXPAND* icons alerts TICKER* system_info back home RECENT* clock > D/PhoneStatusBar( 8951): disable: < EXPAND icons alerts TICKER system_info BACK* HOME* RECENT CLOCK* > I/WindowManager( 8880): Lock screen displayed!
E/PowerManagerService( 8880): Excessive delay setting brightness: 393ms, mask=2
D/ConnectivityService( 8880): ConnectivityChange for mobile: DISCONNECTED/DISCONNECTED
D/ConnectivityService( 8880): Attempting to switch to WIFI
D/ConnectivityService( 8880): Attempting to switch to BLUETOOTH_TETHER
D/ConnectivityService( 8880): resetConnections(vsnet0, 3)
D/PhoneStatusBar( 8951): disable: < expand* icons alerts ticker* system_info BACK HOME recent* CLOCK > D/PhoneStatusBar( 8951): disable: < expand icons alerts ticker system_info back* home* recent clock* > W/InputMethodManagerService( 8880): Window already focused, ignoring focus gain of: com.android.internal.view.IInputMethodClient$Stub$Proxy@4187bf00 attribute=android.view.inputmethod.EditorInfo@40e1f8a0
D/ConnectivityService( 8880): handleInetConditionChange: no active default network - ignore
D/PhoneStatusBar( 8951): addNotification score=-20
D/ConnectivityService( 8880): ConnectivityChange for mobile: CONNECTED/CONNECTED
D/ConnectivityService( 8880): handleInetConditionHoldEnd: net=0, condition=100, published condition=0
D/PhoneStatusBar( 8951): disable: < EXPAND* icons alerts TICKER* system_info back home RECENT* clock > D/PhoneStatusBar( 8951): disable: < EXPAND icons alerts TICKER system_info BACK* HOME* RECENT CLOCK* > W/ThrottleService( 8880): unable to find stats for iface vsnet0
I/LocationManagerService( 8880): request network (pid 3305) 285000 285000
I/LocationManagerService( 8880): request network (pid 3305) 285000 285000
I/LocationManagerService( 8880): request network (pid 3305) 285000 285000
I/LocationManagerService( 8880): request network (pid 3305) 285000 285000
I/ActivityManager( 8880): No longer want com.bel.android.dspmanager (pid 2999): hidden #16
V/BackupManagerService( 8880): Running a backup pass
V/BackupManagerService( 8880): clearing pending backups
W/ActivityManager( 8880): Scheduling restart of crashed service com.bel.android.dspmanager/.service.HeadsetService in 5000ms
V/PerformBackupTask( 8880): Beginning backup of 2 targets
D/PerformBackupTask( 8880): invokeAgentForBackup on @pm@
I/PerformBackupTask( 8880): no backup data written; not calling transport
D/PerformBackupTask( 8880): starting agent for backup of BackupRequest{pkg=android}
D/BackupManagerService( 8880): awaiting agent for ApplicationInfo{410225b8 android}
D/BackupManagerService( 8880): agentConnected pkg=android agent=android.app.backup.BackupAgent$BackupServiceBinder@41519d08
I/BackupManagerService( 8880): got agent android.app.backup.BackupAgent$BackupServiceBinder@41519d08
D/PerformBackupTask( 8880): invokeAgentForBackup on android
I/PerformBackupTask( 8880): no backup data written; not calling transport
D/PerformBackupTask( 8880): starting agent for backup of BackupRequest{pkg=com.android.providers.settings}
D/BackupManagerService( 8880): awaiting agent for ApplicationInfo{41156e50 com.android.providers.settings}
D/BackupManagerService( 8880): agentConnected pkg=com.android.providers.settings agent=android.app.backup.BackupAgent$BackupServiceBinder@40f70528
I/BackupManagerService( 8880): got agent android.app.backup.BackupAgent$BackupServiceBinder@40f70528
D/PerformBackupTask( 8880): invokeAgentForBackup on com.android.providers.settings
I/PerformBackupTask( 8880): Backup pass finished.
I/ActivityManager( 8880): Start proc com.bel.android.dspmanager for service com.bel.android.dspmanager/.service.HeadsetService: pid=5671 uid=10010 gids={3002, 1028}
V/ActivityThread( 5671): com.bel.android.dspmanager white listed for hwui
I/LocationManagerService( 8880): request network (pid 3305) 285000 285000
I/WindowManager( 8880): Lock screen displayed!
D/ConnectivityService( 8880): ConnectivityChange for mobile: DISCONNECTED/DISCONNECTED
D/ConnectivityService( 8880): Attempting to switch to WIFI
D/ConnectivityService( 8880): Attempting to switch to BLUETOOTH_TETHER
D/ConnectivityService( 8880): resetConnections(vsnet0, 3)
E/PowerManagerService( 8880): Excessive delay setting brightness: 437ms, mask=2
D/ConnectivityService( 8880): handleInetConditionChange: no active default network - ignore
D/PhoneStatusBar( 8951): disable: < expand* icons alerts ticker* system_info BACK HOME recent* CLOCK > D/PhoneStatusBar( 8951): disable: < expand icons alerts ticker system_info back* home* recent clock* > W/InputMethodManagerService( 8880): Window already focused, ignoring focus gain of: com.android.internal.view.IInputMethodClient$Stub$Proxy@41537b20 attribute=android.view.inputmethod.EditorInfo@41640be8
I/ActivityManager( 8880): No longer want com.cyanogenmod.LGEServices (pid 3056): hidden #16
W/ActivityManager( 8880): Scheduling restart of crashed service com.cyanogenmod.LGEServices/.LGEServices in 5000ms
D/ConnectivityService( 8880): ConnectivityChange for mobile: CONNECTED/CONNECTED
I/ActivityManager( 8880): Start proc com.cyanogenmod.LGEServices for service com.cyanogenmod.LGEServices/.LGEServices: pid=5786 uid=1000 gids={1015, 3002, 3001, 3003, 1028, 3007}
V/ActivityThread( 5786): com.cyanogenmod.LGEServices white listed for hwui
I/ActivityManager( 8880): START {flg=0x30000000 cmp=com.spotify.mobile.android.ui/.activity.MainActivity bnds=[12,81][147,211] u=0} from pid -1
I/ActivityManager( 8880): Start proc com.spotify.mobile.android.ui for activity com.spotify.mobile.android.ui/.activity.MainActivity: pid=5803 uid=10103 gids={3003, 1015, 1028}
V/ActivityThread( 5803): com.spotify.mobile.android.ui white listed for hwui
I/ActivityManager( 8880): Start proc com.spotify.mobile.android.service for service com.spotify.mobile.android.ui/com.spotify.mobile.android.service.SpotifyService: pid=5819 uid=10103 gids={3003, 1015, 1028}
V/ActivityThread( 5819): com.spotify.mobile.android.service white listed for hwui
I/ActivityManager( 8880): Process com.estrongs.android.pop (pid 31769) has died.
I/ActivityManager( 8880): START {act=com.spotify.mobile.android.service.action.session.LOGIN cmp=com.spotify.mobile.android.ui/com.spotify.mobile.android.service.LoginActivity (has extras) u=0} from pid 5803
D/BackupManagerService( 8880): Now staging backup of com.android.providers.settings
I/ActivityManager( 8880): START {act=com.spotify.mobile.android.service.action.session.LOGIN cmp=com.spotify.mobile.android.ui/com.spotify.mobile.android.service.LoginActivity (has extras) u=0} from pid 5803
W/ActivityManager( 8880): Duplicate finish request for ActivityRecord{413d6a40 com.spotify.mobile.android.ui/.activity.MainActivity}
D/ConnectivityService( 8880): handleInetConditionHoldEnd: net=0, condition=100, published condition=0
I/ActivityManager( 8880): START {act=android.intent.action.MAIN cat=[com.android.settings.SHORTCUT] flg=0x10200000 cmp=com.android.settings/.Settings$BluetoothSettingsActivity bnds=[360,228][480,387] u=0} from pid 21527
I/ActivityManager( 8880): Start proc com.android.bluetooth for broadcast com.android.bluetooth/.pbap.BluetoothPbapReceiver: pid=5924 uid=10003 gids={3003, 3002, 3001, 1015, 1028}
V/ActivityThread( 5924): com.android.bluetooth white listed for hwui
I/ActivityManager( 8880): START {act=android.bluetooth.device.action.PAIRING_REQUEST flg=0x10000000 cmp=com.android.settings/.bluetooth.BluetoothPairingDialog (has extras) u=0} from pid 5226
D/PhoneStatusBar( 8951): addNotification score=0
I/ActivityManager( 8880): Process com.android.calendar (pid 3403) has died.
I/ActivityManager( 8880): Process com.google.android.partnersetup (pid 3321) has died.
W/BackupManagerService( 8880): dataChanged but no participant pkg='com.android.providers.settings' uid=1001
I/ActivityManager( 8880): START {flg=0x30000000 cmp=com.spotify.mobile.android.ui/.activity.MainActivity bnds=[12,81][147,211] u=0} from pid -1
I/ActivityManager( 8880): START {act=com.spotify.mobile.android.service.action.session.LOGIN cmp=com.spotify.mobile.android.ui/com.spotify.mobile.android.service.LoginActivity (has extras) u=0} from pid 5803
D/PhoneStatusBar( 8951): addNotification score=0
I/LocationManagerService( 8880): request network (pid 3305) 285000 285000
I/LocationManagerService( 8880): remove network (pid 3305), next minTime = 86400000
I/ActivityManager( 8880): START {cmp=com.spotify.mobile.android.ui/.activity.MainActivity u=0} from pid 5803
I/ActivityManager( 8880): Process com.google.android.apps.maps (pid 4494) has died.
