I/ActivityManager( 8880): START {act=android.intent.action.VIEW dat=spotify:user:ethansp:starred cmp=com.spotify.mobile.android.ui/.activity.MainActivity (has extras) u=0} from pid 5803
D/ActivityThread( 5819): Loading provider com.spotify.mobile.android: com.spotify.mobile.android.provider.SpotifyProvider
W/ThrottleService( 8880): unable to find stats for iface vsnet0
W/InputMethodManagerService( 8880): Window already focused, ignoring focus gain of: com.android.internal.view.IInputMethodClient$Stub$Proxy@415b0118 attribute=null
I/ActivityManager( 8880): Process com.google.android.gsf.login (pid 3340) has died.
I/ActivityManager( 8880): Process com.google.android.apps.uploader (pid 2938) has died.
I/ActivityManager( 8880): START {act=android.intent.action.MAIN cat=[com.android.settings.SHORTCUT] flg=0x10200000 cmp=com.android.settings/.Settings$BluetoothSettingsActivity bnds=[360,228][480,387] u=0} from pid 21527
I/ActivityManager( 8880): START {act=android.intent.action.MAIN cmp=com.android.settings/.SubSettings (has extras) u=0} from pid 5226
I/ActivityManager( 8880): Start proc com.andrew.apollo:main for broadcast com.andrew.apollo/.service.MediaButtonIntentReceiver: pid=6703 uid=10000 gids={3003, 1015, 1028}
V/ActivityThread( 6703): com.andrew.apollo:main white listed for hwui
I/ActivityManager( 8880): START {act=android.intent.action.MAIN cat=[android.intent.category.LAUNCHER] flg=0x10200000 cmp=com.android.mms/.ui.ConversationList bnds=[288,707][384,800] u=0} from pid 21527
I/ActivityManager( 8880): Start proc com.android.mms for activity com.android.mms/.ui.ConversationList: pid=6755 uid=10025 gids={3003, 1015, 1028}
V/ActivityThread( 6755): com.android.mms white listed for hwui
D/CountryDetector( 8880): The first listener is added
I/ActivityManager( 8880): Process com.android.providers.calendar (pid 3367) has died.
I/ActivityManager( 8880): Process com.bigtincan.android.adfree (pid 2426) has died.
W/InputMethodManagerService( 8880): Window already focused, ignoring focus gain of: com.android.internal.view.IInputMethodClient$Stub$Proxy@415b0118 attribute=null
I/ActivityManager( 8880): START {cmp=com.android.mms/.ui.ComposeMessageActivity u=0} from pid 6755
D/PhoneStatusBar( 8951): addNotification score=0
I/ActivityManager( 8880): Process com.amazon.venezia (pid 2977) has died.
I/ActivityManager( 8880): START {act=android.media.action.IMAGE_CAPTURE cmp=com.android.gallery3d/com.android.camera.Camera (has extras) u=0} from pid 6755
I/ActivityManager( 8880): Start proc com.android.gallery3d for activity com.android.gallery3d/com.android.camera.Camera: pid=6944 uid=10018 gids={1006, 3003, 1015, 1028}
V/ActivityThread( 6944): com.android.gallery3d white listed for hwui
W/InputMethodManagerService( 8880): Focus gain on non-focused client com.android.internal.view.IInputMethodClient$Stub$Proxy@4103d2f8 (uid=10025 pid=6755)
I/ActivityManager( 8880): Process com.etermax.apalabrados.lite (pid 3148) has died.
I/WindowState( 8880): WIN DEATH: Window{40ec8588 com.etermax.apalabrados.lite/com.etermax.apalabrados.lite.LiteDashboardActivity paused=false}
W/WindowManager( 8880): Failure taking screenshot for (246x410) to layer 21025
W/InputMethodManagerService( 8880): Starting input on non-focused client com.android.internal.view.IInputMethodClient$Stub$Proxy@4103d2f8 (uid=10025 pid=6755)
D/PhoneStatusBar( 8951): addNotification score=0
D/ConnectivityService( 8880): startUsingNetworkFeature reconnecting to 0: enableMMS
D/ConnectivityService( 8880): ConnectivityChange for mobile: DISCONNECTED/DISCONNECTED
D/ConnectivityService( 8880): Attempting to switch to WIFI
D/ConnectivityService( 8880): Attempting to switch to BLUETOOTH_TETHER
D/ConnectivityService( 8880): resetConnections(vsnet0, 3)
D/ConnectivityService( 8880): handleInetConditionChange: no active default network - ignore
I/ActivityManager( 8880): Start proc com.google.android.apps.uploader for broadcast com.google.android.apps.uploader/com.google.android.picasasync.ConnectivityReceiver: pid=7580 uid=10052 gids={3003, 1015, 1028}
V/ActivityThread( 7580): com.google.android.apps.uploader white listed for hwui
I/ActivityManager( 8880): Start proc com.bigtincan.android.adfree for broadcast com.bigtincan.android.adfree/.NetworkStateReceiver: pid=7600 uid=10079 gids={3003, 1028}
V/ActivityThread( 7600): com.bigtincan.android.adfree white listed for hwui
I/ActivityManager( 8880): Start proc com.amazon.venezia for broadcast com.amazon.venezia/com.amazon.mas.client.ClientBroadcastReceiver: pid=7621 uid=10104 gids={3003, 1015, 1028}
V/ActivityThread( 7621): com.amazon.venezia white listed for hwui
I/ActivityManager( 8880): Process com.spotify.mobile.android.ui (pid 5803) has died. --------- beginning of /dev/log/main I/AmazonAppstore.DynamicResources.ResourceUpdaterImpl( 7621): Attempting to read manifests from cached path PropertyMap:{ Name:Log RecordType:Log LogLevel:Info device.systemTime:1346588118136 device.sdkVersion:16 device.hardware:p990 LogTag:DynamicResources.ResourceUpdaterImpl device.androidRelease:4.1.1 device.manufacturer:LGE device.brand:generic device.model:LG-P990 MessageContents:Attempting to read manifests from cached path };
D/dalvikvm( 7621): GC_FOR_ALLOC freed 1404K, 59% free 3610K/8707K, paused 25ms, total 25ms
I/dalvikvm-heap( 7621): Grow heap (frag case) to 11.975MB for 131088-byte allocation
I/Manifest( 7621): MASCLIENT-1972: Found delimiter at: 3
I/ResourceDescriptor( 7621): MASCLIENT-1972: Still looking for ResourceTypes: [String, File]
I/ResourceDescriptor( 7621): MASCLIENT-1972: Parsing key: VersionFilterInstance
I/ResourceDescriptor( 7621): MASCLIENT-1972: Still looking for ResourceTypes: [String, File]
I/ResourceDescriptor( 7621): MASCLIENT-1972: Parsing key: Timestamp
I/ResourceDescriptor( 7621): MASCLIENT-1972: Still looking for ResourceTypes: [String, File]
I/ResourceDescriptor( 7621): MASCLIENT-1972: Parsing key: String
D/dalvikvm( 7621): GC_CONCURRENT freed 1107K, 58% free 4337K/10247K, paused 3ms+4ms, total 36ms
I/ResourceDescriptor( 7621): MASCLIENT-1972: Found 2274 variations.
I/ResourceDescriptor( 7621): MASCLIENT-1972: Still looking for ResourceTypes: [File]
I/ResourceDescriptor( 7621): MASCLIENT-1972: Parsing key: File
I/ResourceDescriptor( 7621): MASCLIENT-1972: Found 515 variations.
I/ResourceDescriptor( 7621): MASCLIENT-1972: Keys in resources: [File, String]
I/Manifest( 7621): MASCLIENT-1972: Found delimiter at: 344
I/ResourceDescriptor( 7621): MASCLIENT-1972: Still looking for ResourceTypes: [String, File]
I/ResourceDescriptor( 7621): MASCLIENT-1972: Parsing key: Timestamp
I/ResourceDescriptor( 7621): MASCLIENT-1972: Still looking for ResourceTypes: [String, File]
I/ResourceDescriptor( 7621): MASCLIENT-1972: Parsing key: VersionFilterInstance
I/ResourceDescriptor( 7621): MASCLIENT-1972: Still looking for ResourceTypes: [String, File]
I/ResourceDescriptor( 7621): MASCLIENT-1972: Parsing key: String
D/dalvikvm( 7621): GC_CONCURRENT freed 407K, 44% free 5772K/10247K, paused 2ms+3ms, total 34ms
D/dalvikvm( 7621): WAIT_FOR_CONCURRENT_GC blocked 11ms
I/ResourceDescriptor( 7621): MASCLIENT-1972: Found 2274 variations.
I/ResourceDescriptor( 7621): MASCLIENT-1972: Still looking for ResourceTypes: [File]
I/ResourceDescriptor( 7621): MASCLIENT-1972: Parsing key: File
I/ResourceDescriptor( 7621): MASCLIENT-1972: Found 515 variations.
I/ResourceDescriptor( 7621): MASCLIENT-1972: Still looking for ResourceTypes: []
I/ResourceDescriptor( 7621): MASCLIENT-1972: Parsing key: StaticContentVersion
I/ResourceDescriptor( 7621): MASCLIENT-1972: Could not handle: StaticContentVersion
I/ResourceDescriptor( 7621): MASCLIENT-1972: Keys in resources: [File, String] I/AmazonAppstore.AppstoreDeviceStateProviderImpl( 7621): safeGetIsLoggedIn() and Cor true ES
D/dalvikvm( 7621): GC_CONCURRENT freed 1090K, 37% free 6525K/10247K, paused 3ms+2ms, total 38ms
D/dalvikvm( 7621): WAIT_FOR_CONCURRENT_GC blocked 23ms
D/dalvikvm( 7621): WAIT_FOR_CONCURRENT_GC blocked 17ms
D/dalvikvm( 7621): GC_CONCURRENT freed 1779K, 36% free 6589K/10247K, paused 3ms+3ms, total 46ms
D/dalvikvm( 7621): WAIT_FOR_CONCURRENT_GC blocked 15ms
D/dalvikvm( 7621): WAIT_FOR_CONCURRENT_GC blocked 14ms
D/dalvikvm( 7621): WAIT_FOR_CONCURRENT_GC blocked 15ms
D/libEGL ( 7621): loaded /system/lib/egl/libEGL_tegra.so
D/libEGL ( 7621): loaded /system/lib/egl/libGLESv1_CM_tegra.so
D/libEGL ( 7621): loaded /system/lib/egl/libGLESv2_tegra.so
I/MASClientApplication( 7621): Not enabling crash reporter (unsupported on this device)
D/dalvikvm( 7621): GC_CONCURRENT freed 1222K, 31% free 7140K/10247K, paused 3ms+4ms, total 46ms
D/dalvikvm( 7621): WAIT_FOR_CONCURRENT_GC blocked 42ms
I/dalvikvm( 7621): Failed resolving Lcom/amazonaws/http/HttpClientFactory$TrustingSocketFactory; interface 6265 'Lorg/apache/http/conn/scheme/SchemeSocketFactory;'
W/dalvikvm( 7621): Link of class 'Lcom/amazonaws/http/HttpClientFactory$TrustingSocketFactory;' failed
D/dalvikvm( 7621): DexOpt: unable to opt direct call 0x5412 at 0x8d in Lcom/amazonaws/http/HttpClientFactory;.createHttpClient
D/dalvikvm( 7621): DexOpt: unable to opt direct call 0xa86e at 0x96 in Lcom/amazonaws/http/HttpClientFactory;.createHttpClient
D/dalvikvm( 7621): GC_CONCURRENT freed 1007K, 23% free 7975K/10247K, paused 3ms+3ms, total 52ms
D/dalvikvm( 7621): WAIT_FOR_CONCURRENT_GC blocked 13ms I/AmazonAppstore.AppstoreDeviceStateProviderImpl( 7621): safeGetIsLoggedIn() and Cor true ES
I/dalvikvm( 7621): Total arena pages for JIT: 11
I/dalvikvm( 7621): Total arena pages for JIT: 12
I/dalvikvm( 7621): Total arena pages for JIT: 13
I/dalvikvm( 7621): Total arena pages for JIT: 14
I/dalvikvm( 7621): Total arena pages for JIT: 15
I/dalvikvm( 7621): Total arena pages for JIT: 16
I/dalvikvm( 7621): Total arena pages for JIT: 17
I/AmazonAppstore.UpdateCommands( 7621): Self-updating enabled: true
I/AvailabilitySDK( 7621): scheduled configuration update @ 2012-09-02 20:21:26 (repeating)
I/AvailabilitySDK( 7621): scheduled submission update @ 2012-09-02 15:15:20 (repeating)
I/AvailabilitySDK( 7621): created schedule @ 2012-09-02 14:15:20 I/AmazonAppstore.com.amazon.mcc.resources.updates.ColdStartListener( 7621): Executing 1 events queued for cold start completion PropertyMap:{ Name:Log RecordType:Log LogLevel:Info device.systemTime:1346588133111 device.sdkVersion:16 device.hardware:p990 LogTag:com.amazon.mcc.resources.updates.ColdStartListener device.androidRelease:4.1.1 device.manufacturer:LGE device.brand:generic device.model:LG-P990 MessageContents:Executing 1 events queued for cold start completion }; W/AmazonAppstore.com.amazon.mcc.resources.updates.ColdStartListener( 7621): ColdStart event never encountered, handling events. PropertyMap:{ Name:Log RecordType:Log LogLevel:Warning device.systemTime:1346588133119 device.sdkVersion:16 device.hardware:p990 LogTag:com.amazon.mcc.resources.updates.ColdStartListener device.androidRelease:4.1.1 device.manufacturer:LGE device.brand:generic device.model:LG-P990 MessageContents:ColdStart event never encountered, handling events. };
D/dalvikvm( 7621): GC_CONCURRENT freed 1933K, 29% free 7930K/11015K, paused 4ms+3ms, total 82ms
D/dalvikvm( 7621): WAIT_FOR_CONCURRENT_GC blocked 43ms
D/dalvikvm( 7621): WAIT_FOR_CONCURRENT_GC blocked 44ms
D/dalvikvm( 7621): GC_CONCURRENT freed 1601K, 26% free 8171K/11015K, paused 3ms+3ms, total 61ms
D/dalvikvm( 7621): WAIT_FOR_CONCURRENT_GC blocked 41ms
D/dalvikvm( 7621): WAIT_FOR_CONCURRENT_GC blocked 41ms
D/dalvikvm( 7621): GC_FOR_ALLOC freed 608K, 29% free 8055K/11271K, paused 43ms, total 44ms
D/dalvikvm( 7621): GC_FOR_ALLOC freed 617K, 29% free 8098K/11271K, paused 43ms, total 44ms
D/dalvikvm( 7621): GC_CONCURRENT freed 2002K, 30% free 7983K/11271K, paused 4ms+3ms, total 81ms
D/dalvikvm( 7621): WAIT_FOR_CONCURRENT_GC blocked 36ms
D/dalvikvm( 7621): WAIT_FOR_CONCURRENT_GC blocked 37ms
D/dalvikvm( 7621): GC_FOR_ALLOC freed 1262K, 28% free 8169K/11271K, paused 48ms, total 50ms
D/dalvikvm( 7621): GC_FOR_ALLOC freed 7K, 28% free 8225K/11271K, paused 44ms, total 44ms
I/dalvikvm-heap( 7621): Grow heap (frag case) to 16.470MB for 118517-byte allocation
D/dalvikvm( 7621): GC_CONCURRENT freed 3208K, 37% free 8284K/13127K, paused 4ms+13ms, total 149ms
D/dalvikvm( 7621): GC_CONCURRENT freed 2192K, 39% free 8040K/13127K, paused 4ms+3ms, total 66ms
D/dalvikvm( 7621): WAIT_FOR_CONCURRENT_GC blocked 38ms
D/dalvikvm( 7621): WAIT_FOR_CONCURRENT_GC blocked 39ms
D/dalvikvm( 7621): GC_CONCURRENT freed 1835K, 39% free 8072K/13127K, paused 2ms+4ms, total 59ms
D/dalvikvm( 7621): WAIT_FOR_CONCURRENT_GC blocked 38ms
D/dalvikvm( 7621): WAIT_FOR_CONCURRENT_GC blocked 38ms
D/dalvikvm( 7621): WAIT_FOR_CONCURRENT_GC blocked 39ms
D/dalvikvm( 7621): GC_CONCURRENT freed 1857K, 39% free 8092K/13127K, paused 2ms+4ms, total 63ms
D/dalvikvm( 7621): WAIT_FOR_CONCURRENT_GC blocked 46ms
D/dalvikvm( 7621): GC_CONCURRENT freed 1853K, 39% free 8125K/13127K, paused 3ms+5ms, total 62ms
D/dalvikvm( 7621): WAIT_FOR_CONCURRENT_GC blocked 43ms
D/dalvikvm( 7621): WAIT_FOR_CONCURRENT_GC blocked 43ms
D/dalvikvm( 7621): GC_CONCURRENT freed 1846K, 38% free 8157K/13127K, paused 3ms+4ms, total 58ms
D/dalvikvm( 7621): WAIT_FOR_CONCURRENT_GC blocked 41ms
D/dalvikvm( 7621): GC_CONCURRENT freed 1928K, 39% free 8134K/13127K, paused 2ms+3ms, total 61ms
I/AudioService( 8880): AudioFocus abandonAudioFocus() from android.media.AudioManager@40e4ce80com.spotify.mobile.android.service.s@40e55ee8
I/BufferQueue( 1009): BufferQueue: minUndequeued=2
W/Mms/cache( 6755): RecipientId 2 not in cache!
D/dalvikvm( 8880): GC_EXPLICIT freed 1029K, 42% free 14730K/25351K, paused 7ms+9ms, total 126ms
I/BufferQueue( 1009): BufferQueue: minUndequeued=2
I/vsnet ( 7867): Starting vsnet0(10.85.35.242) for cid=1
I/vsnet ( 7872): ifconfig for vsnet0 finished successfully
D/ConnectivityService( 8880): ConnectivityChange for mobile_mms: CONNECTED/CONNECTED
I/vsnet ( 7880): Starting vsnet0(10.85.35.242) for cid=1
I/vsnet ( 7887): ifconfig for vsnet0 finished successfully
E/ConnectivityService( 8880): Exception trying to remove a route: java.lang.IllegalStateException: command '375 interface route remove vsnet0 default 0.0.0.0 0 10.85.35.242' failed with '400 375 Failed to remove route from default table (No such process)'
I/vsnet ( 7894): Starting vsnet0(10.85.35.242) for cid=1
I/vsnet ( 7899): ifconfig for vsnet0 finished successfully
I/ActivityManager( 8880): START {act=android.intent.action.MAIN cat=[android.intent.category.LAUNCHER] flg=0x10200000 cmp=com.android.mms/.ui.ConversationList bnds=[288,707][384,800] u=0} from pid 21527
W/NvAudioDevice( 8699): @@(Device.cpp-hal)@@ setOutputMute(force unmute)
D/ ( 1004): @@(WM8994)@@ ACWM8994SetPowerMode(), CurrPowerMode = 1, PowerMode = 1
I/BufferQueue( 1009): BufferQueue: minUndequeued=2
I/BufferQueue( 1009): BufferQueue: minUndequeued=2
I/ActivityManager( 8880): Displayed com.android.mms/.ui.ConversationList: +271ms
D/Tethering( 8880): MasterInitialState.processMessage what=3
V/TransactionSettings( 6755): APN setting: MMSC: http://tuenti.com looked for: current IS NOT NULL AND apn=?
I/a ( 2572): Registering default exceptions handler
I/a ( 2572): TRACE_VERSION: 1.0.6
D/a ( 2572): APP_PACKAGE: com.anddoes.fancywidgets
D/a ( 2572): APP_VERSION: 3.5.5
D/PicasaUploaderSyncManager( 7580): active network: null
D/PicasaUploaderSyncManager( 7580): background data: true
D/a ( 2572): Looking for exceptions in: /data/data/com.anddoes.fancywidgets/files
D/PicasaSyncManager( 2958): active network: null
D/PicasaSyncManager( 2958): background data: true
I/AmazonAppstore.UpdateCommands( 7621): Self-updating enabled: true
I/dalvikvm( 7621): Total arena pages for JIT: 18
I/ActivityManager( 8880): START {dat=content://mms-sms/conversations/2 cmp=com.android.mms/.ui.ComposeMessageActivity u=0} from pid 6755
D/Mms/compose( 6755): [1] [initialize] savedInstanceState = null intent = Intent { dat=content://mms-sms/conversations/2 cmp=com.android.mms/.ui.ComposeMessageActivity } mConversation = [659 81 11 12] (tid 2)
I/BufferQueue( 1009): BufferQueue: minUndequeued=2
I/ActivityManager( 8880): Displayed com.android.mms/.ui.ComposeMessageActivity: +198ms
D/dalvikvm( 6755): GC_EXPLICIT freed 1465K, 80% free 8846K/43143K, paused 5ms+9ms, total 62ms
D/dalvikvm( 9051): GC_EXPLICIT freed 830K, 40% free 5303K/8707K, paused 11ms+4ms, total 72ms
D/ConnectivityService( 8880): stopUsingNetworkFeature: teardown net 0: enableMMS
D/ConnectivityService( 8880): ConnectivityChange for mobile_mms: DISCONNECTED/DISCONNECTED
D/NetUtils( 8880): android_net_utils_resetConnections in env=0x2a2d53b8 clazz=0x5f600001 iface=vsnet0 mask=0x3
D/ConnectivityService( 8880): resetConnections(vsnet0, 3)
W/NvAudioDevice( 8699): @@(Device.cpp-hal)@@ setOutputMute(mute=1)
D/Tethering( 8880): MasterInitialState.processMessage what=3
D/PicasaUploaderSyncManager( 7580): active network: null
D/PicasaUploaderSyncManager( 7580): background data: true
I/a ( 2572): Registering default exceptions handler
I/a ( 2572): TRACE_VERSION: 1.0.6
D/a ( 2572): APP_PACKAGE: com.anddoes.fancywidgets
D/a ( 2572): APP_VERSION: 3.5.5
D/a ( 2572): Looking for exceptions in: /data/data/com.anddoes.fancywidgets/files
D/PicasaSyncManager( 2958): active network: null
D/PicasaSyncManager( 2958): background data: true
D/dalvikvm(21527): GC_CONCURRENT freed 2522K, 39% free 8977K/14535K, paused 3ms+4ms, total 52ms
I/BufferQueue( 1009): BufferQueue: minUndequeued=2
D/dalvikvm( 8880): GC_CONCURRENT freed 1599K, 37% free 16120K/25351K, paused 3ms+13ms, total 221ms
I/BufferQueue( 1009): BufferQueue: minUndequeued=2
D/dalvikvm( 6755): GC_EXPLICIT freed 746K, 81% free 8364K/43143K, paused 3ms+10ms, total 66ms
I/vsnet ( 8196): Starting vsnet0(10.156.198.250) for cid=1
I/vsnet ( 8201): ifconfig for vsnet0 finished successfully
D/ConnectivityService( 8880): ConnectivityChange for mobile: CONNECTED/CONNECTED
I/vsnet ( 8209): Starting vsnet0(10.156.198.250) for cid=1
I/vsnet ( 8215): ifconfig for vsnet0 finished successfully
I/vsnet ( 8221): Starting vsnet0(10.156.198.250) for cid=1
I/vsnet ( 8226): ifconfig for vsnet0 finished successfully
D/Tethering( 8880): MasterInitialState.processMessage what=3
D/dalvikvm( 8880): GC_EXPLICIT freed 1926K, 42% free 14721K/25351K, paused 78ms+7ms, total 262ms
I/a ( 2572): Registering default exceptions handler
I/a ( 2572): TRACE_VERSION: 1.0.6
D/a ( 2572): APP_PACKAGE: com.anddoes.fancywidgets
D/a ( 2572): APP_VERSION: 3.5.5
D/a ( 2572): Looking for exceptions in: /data/data/com.anddoes.fancywidgets/files
D/PicasaUploaderSyncManager( 7580): active network: NetworkInfo: type: mobile[UMTS], state: CONNECTED/CONNECTED, reason: dataEnabled, extra: tuenti.com, roaming: false, failover: false, isAvailable: true
D/PicasaUploaderSyncManager( 7580): background data: true
I/AmazonAppstore.UpdateCommands( 7621): Self-updating enabled: true
D/PicasaSyncManager( 2958): active network: NetworkInfo: type: mobile[UMTS], state: CONNECTED/CONNECTED, reason: dataEnabled, extra: tuenti.com, roaming: false, failover: false, isAvailable: true
D/PicasaSyncManager( 2958): background data: true
I/GTalkService/c( 9101): [AndroidEndpoint@1092632232] connect: acct=1000000, state=CONNECTING
I/GTalkService/c( 9101): [GTalkConnection@1092870248] connect: acct=1, state=CONNECTING
D/dalvikvm( 5819): GC_CONCURRENT freed 1662K, 57% free 3763K/8707K, paused 2ms+2ms, total 35ms
D/ConnectivityService( 8880): handleInetConditionHoldEnd: net=0, condition=100, published condition=0
D/SurfaceFlinger( 1009): About to give-up screen, flinger = 0x2a008b08
E/libEGL ( 1009): validate_display:209 error 3008 (EGL_BAD_DISPLAY)
D/ ( 1004): NVRM_DAEMON(1185): pm_notifier_thread: Got message
D/ ( 1004): NVRM_DAEMON(1197): pm_notifier_thread: calling power_displays(false)
D/ ( 1004): --- 1 : *sus_disp_mask = 0xffffffff ,on=0
D/ ( 1004): --- *sus_disp_mask = 0xffffffff
D/ ( 1004): [PL] hitachi_cpu480X800_SetBacklight intensity1 =0
D/ ( 1004): [PL] NvOdmDispDevicePowerLevel_Suspend
D/ ( 1004): [BKL] bl_2x_panel_BacklightRelease
D/ ( 1004): [BL] Display_Off buf =0
D/ ( 1004):
D/ ( 1004): NVRM_DAEMON(526): power_displays: NvSuccess returned from NvDispMgrDisplaySetAttributes
D/ ( 1004): NVRM_DAEMON(1200): pm_notifier_thread: returned from power_displays(false)
D/ ( 1004): NVRM_DAEMON(1213): pm_notifier_thread: Message serviced
D/ConnectivityService( 8880): stopUsingNetworkFeature: teardown net 0: enableMMS
V/LockPatternKeyguardView( 8880): Set visibility on com.android.internal.policy.impl.LockPatternKeyguardView$5@41566160 to 8388608
D/UnlockScreen( 8880): portrait mode
V/TransportControlView( 8880): Create TCV com.android.internal.widget.TransportControlView@40f68dc0
V/KeyguardViewManager( 8880): KGVM: Set visibility on com.android.internal.policy.impl.KeyguardViewManager$KeyguardViewHost@40faff20 to 6291456
I/ActivityManager( 8880): Start proc com.google.android.gsf.login for service com.google.android.gsf.login/com.google.android.gsf.loginservice.GoogleLoginService: pid=8319 uid=10030 gids={3003, 1015, 1028, 1007, 2001, 3006}
D/PhoneStatusBar( 8951): disable: < EXPAND* icons alerts TICKER* system_info back home RECENT* clock > I/BufferQueue( 1009): BufferQueue: minUndequeued=2
E/Trace ( 8319): error opening trace file: No such file or directory (2)
V/ActivityThread( 8319): com.google.android.gsf.login white listed for hwui
V/LockPatternKeyguardView( 8880): Set visibility on com.android.internal.policy.impl.LockPatternKeyguardView$5@41566160 to 8388608
D/PhoneStatusBar( 8951): disable: < EXPAND icons alerts TICKER system_info BACK* HOME* RECENT CLOCK* > V/LockPatternKeyguardView( 8880): Set visibility on com.android.internal.policy.impl.LockPatternKeyguardView$5@41566160 to 8388608
D/dalvikvm( 8880): GC_CONCURRENT freed 2286K, 40% free 15385K/25351K, paused 3ms+7ms, total 78ms
D/ ( 1004): NVRM_DAEMON(1185): pm_notifier_thread: Got message
D/ ( 1004): NVRM_DAEMON(1203): pm_notifier_thread: calling power_displays(true)
D/ ( 1004): --- 1 : *sus_disp_mask = 0xffffffff ,on=1
D/ ( 1004): --- *sus_disp_mask = 0xffffffff
D/ ( 1004): Auto config value = 0
D/ ( 1004): [PL] NvOdmDispDevicePowerLevel_On
D/ ( 1004): ONE SHOT MODE is enabled now !!!
D/ ( 1004): [PL] hitachi_cpu480X800_SetBacklight intensity1 =0
W/System.err( 9051): java.net.UnknownHostException: no address for ifname=vsnet0
W/System.err( 9051): at com.android.internal.telephony.DataCallState.setLinkProperties(DataCallState.java:162)
W/System.err( 9051): at com.android.internal.telephony.DataConnection.setLinkProperties(DataConnection.java:595)
W/System.err( 9051): at com.android.internal.telephony.DataConnection.updateLinkProperty(DataConnection.java:617)
W/System.err( 9051): at com.android.internal.telephony.DataConnection.access$300(DataConnection.java:64)
W/System.err( 9051): at com.android.internal.telephony.DataConnection$DcDefaultState.processMessage(DataConnection.java:706)
W/System.err( 9051): at com.android.internal.util.StateMachine$SmHandler.processMsg(StateMachine.java:895)
W/System.err( 9051): at com.android.internal.util.StateMachine$SmHandler.handleMessage(StateMachine.java:756)
W/System.err( 9051): at android.os.Handler.dispatchMessage(Handler.java:99)
W/System.err( 9051): at android.os.Looper.loop(Looper.java:137)
W/System.err( 9051): at android.os.HandlerThread.run(HandlerThread.java:60)
D/ ( 1004): Auto config value = 0
D/ ( 1004): [PL] hitachi_cpu480X800_SetBacklight intensity1 =102
D/ ( 1004): [BL] Display_On buf =1
D/ ( 1004):
D/ ( 1004): NVRM_DAEMON(526): power_displays: NvSuccess returned from NvDispMgrDisplaySetAttributes
D/ ( 1004): NVRM_DAEMON(1206): pm_notifier_thread: returned from power_displays(true)
D/ ( 1004): NVRM_DAEMON(1213): pm_notifier_thread: Message serviced
D/SurfaceFlinger( 1009): Screen about to return, flinger = 0x2a008b08
I/vsnet ( 8373): Starting vsnet0(10.156.198.250) for cid=1
I/vsnet ( 8378): ifconfig for vsnet0 finished successfully
I/WindowManager( 8880): Lock screen displayed!
E/PowerManagerService( 8880): Excessive delay setting brightness: 384ms, mask=2
V/SMASHER816( 8880): (3, 1)
D/NetUtils( 8880): android_net_utils_resetConnections in env=0x2a2d53b8 clazz=0x73f00001 iface=vsnet0 mask=0x3
D/ConnectivityService( 8880): ConnectivityChange for mobile: DISCONNECTED/DISCONNECTED
D/ConnectivityService( 8880): Attempting to switch to WIFI
D/ConnectivityService( 8880): Attempting to switch to BLUETOOTH_TETHER
D/ConnectivityService( 8880): resetConnections(vsnet0, 3)
V/SMASHER816( 8880): (2, 1)
V/SMASHER816( 8880): (1, 1)
V/SMASHER816( 8880): (0, 1)
W/Smack/Packet( 9101): notify conn break (IOEx), close connection
V/SMASHER816( 8880): (0, 2)
V/SMASHER816( 8880): (0, 3)
D/ConnectivityService( 8880): handleInetConditionChange: no active default network - ignore
D/dalvikvm( 2807): GC_EXPLICIT freed 3320K, 56% free 3895K/8707K, paused 2ms+6ms, total 51ms
I/keystore( 1015): uid: 1000 action: p -> 1 state: 1 -> 1 retry: 4
I/a ( 2572): Registering default exceptions handler
I/a ( 2572): TRACE_VERSION: 1.0.6
D/a ( 2572): APP_PACKAGE: com.anddoes.fancywidgets
D/a ( 2572): APP_VERSION: 3.5.5
D/a ( 2572): Looking for exceptions in: /data/data/com.anddoes.fancywidgets/files
D/PhoneStatusBar( 8951): disable: < expand* icons alerts ticker* system_info BACK HOME recent* CLOCK > D/PhoneStatusBar( 8951): disable: < expand icons alerts ticker system_info back* home* recent clock* > W/InputMethodManagerService( 8880): Window already focused, ignoring focus gain of: com.android.internal.view.IInputMethodClient$Stub$Proxy@40e39b40 attribute=android.view.inputmethod.EditorInfo@40e34b80
D/OpenGLRenderer(21527): GL error from OpenGLRenderer: 0x505
E/OpenGLRenderer(21527): Out of memory!
D/Tethering( 8880): MasterInitialState.processMessage what=3
I/a ( 2572): Registering default exceptions handler
I/a ( 2572): TRACE_VERSION: 1.0.6
D/a ( 2572): APP_PACKAGE: com.anddoes.fancywidgets
D/a ( 2572): APP_VERSION: 3.5.5
D/PicasaUploaderSyncManager( 7580): active network: null
D/PicasaUploaderSyncManager( 7580): background data: true
D/a ( 2572): Looking for exceptions in: /data/data/com.anddoes.fancywidgets/files
D/PicasaSyncManager( 2958): active network: null
D/PicasaSyncManager( 2958): background data: true
I/vsnet ( 8429): Starting vsnet0(10.84.171.10) for cid=1
I/vsnet ( 8434): ifconfig for vsnet0 finished successfully
D/ConnectivityService( 8880): ConnectivityChange for mobile: CONNECTED/CONNECTED
I/GTalkService/c( 9101): [AndroidEndpoint@1092632232] connect: acct=1000000, state=CONNECTING
I/GTalkService/c( 9101): [GTalkConnection@1092870248] connect: acct=1, state=CONNECTING
D/ConnectivityService( 8880): handleInetConditionHoldEnd: net=0, condition=100, published condition=0
D/Tethering( 8880): MasterInitialState.processMessage what=3
I/a ( 2572): Registering default exceptions handler
I/a ( 2572): TRACE_VERSION: 1.0.6
D/a ( 2572): APP_PACKAGE: com.anddoes.fancywidgets
D/a ( 2572): APP_VERSION: 3.5.5
D/PicasaUploaderSyncManager( 7580): active network: NetworkInfo: type: mobile[HSPA], state: CONNECTED/CONNECTED, reason: dataEnabled, extra: tuenti.com, roaming: false, failover: false, isAvailable: true
D/PicasaUploaderSyncManager( 7580): background data: true
D/a ( 2572): Looking for exceptions in: /data/data/com.anddoes.fancywidgets/files
D/PicasaSyncManager( 2958): active network: NetworkInfo: type: mobile[HSPA], state: CONNECTED/CONNECTED, reason: dataEnabled, extra: tuenti.com, roaming: false, failover: false, isAvailable: true
D/PicasaSyncManager( 2958): background data: true
I/AmazonAppstore.UpdateCommands( 7621): Self-updating enabled: true
D/dalvikvm( 8880): GC_EXPLICIT freed 1792K, 42% free 14780K/25351K, paused 4ms+10ms, total 102ms
D/ConnectivityService( 8880): handleInetConditionHoldEnd: net=0, condition=100, published condition=100
D/dalvikvm( 3459): GC_EXPLICIT freed 652K, 67% free 2960K/8707K, paused 2ms+4ms, total 35ms
I/ActivityManager( 8880): START {act=android.intent.action.MAIN cat=[com.android.settings.SHORTCUT] flg=0x10200000 cmp=com.android.settings/.Settings$BluetoothSettingsActivity bnds=[360,228][480,387] u=0} from pid 21527
W/NvAudioDevice( 8699): @@(Device.cpp-hal)@@ setOutputMute(force unmute)
D/ ( 1004): @@(WM8994)@@ ACWM8994SetPowerMode(), CurrPowerMode = 1, PowerMode = 1
I/BufferQueue( 1009): BufferQueue: minUndequeued=2
D/LocalBluetoothManager( 5226): setting foreground activity to non-null context
I/BufferQueue( 1009): BufferQueue: minUndequeued=2
W/System.err( 5226): Removed 2131231244
W/System.err( 5226): Removed 2131231255
W/System.err( 5226): Removed 2131231256
I/ActivityManager( 8880): Displayed com.android.settings/.Settings$BluetoothSettingsActivity: +594ms
W/System.err( 5226): Removed 2131231244
W/System.err( 5226): Removed 2131231255
W/System.err( 5226): Removed 2131231256
D/BluetoothAdapterStateMachine( 8880): PowerOff process message: 1
D/BluetoothAdapterStateMachine( 8880): Bluetooth state 10 -> 11
I/bluedroid( 8880): Starting hciattach daemon
W/NvAudioDevice( 8699): @@(Device.cpp-hal)@@ setOutputMute(mute=1)
E/brcm_patchram_plus( 8564): Done setting line discpline
I/bluedroid( 8880): Starting bluetoothd deamon
E/BluetoothEventLoop.cpp( 8880): get_adapter_path: D-Bus error: org.freedesktop.DBus.Error.ServiceUnknown (The name org.bluez was not provided by any .service files)
E/BluetoothEventLoop.cpp( 8880): get_adapter_path: D-Bus error: org.freedesktop.DBus.Error.ServiceUnknown (The name org.bluez was not provided by any .service files)
E/BluetoothEventLoop.cpp( 8880): get_adapter_path: D-Bus error: org.freedesktop.DBus.Error.ServiceUnknown (The name org.bluez was not provided by any .service files)
E/BluetoothEventLoop.cpp( 8880): get_adapter_path: D-Bus error: org.freedesktop.DBus.Error.ServiceUnknown (The name org.bluez was not provided by any .service files)
E/BluetoothEventLoop.cpp( 8880): get_adapter_path: D-Bus error: org.bluez.Error.NoSuchAdapter (No such adapter)
E/BluetoothEventLoop.cpp( 8880): failure setting up Event Loop!
I/BluetoothEventLoop.cpp( 8880): agent_event_filter: Received method org.bluez.Agent:Release
D/BluetoothEventLoop( 8880): Property Changed: Pairable : false
D/BluetoothEventLoop( 8880): Property Changed: Powered : false
D/BluetoothEventLoop( 8880): Property Changed: UUIDs : 5
E/BluetoothService.cpp( 8880): setBluetoothTetheringNative true
D/BluetoothEventLoop( 8880): Property Changed: UUIDs : 6
D/BluetoothEventLoop( 8880): Property Changed: UUIDs : 7
D/BluetoothEventLoop( 8880): Property Changed: UUIDs : 8
D/BluetoothEventLoop( 8880): Property Changed: UUIDs : 9
D/BluetoothEventLoop( 8880): Property Changed: UUIDs : 10
D/BluetoothAdapterStateMachine( 8880): WarmUp process message: 101
D/BluetoothAdapterStateMachine( 8880): WarmUp process message: 54
D/BluetoothAdapterStateMachine( 8880): WarmUp process message: 51
D/BluetoothAdapterStateMachine( 8880): HotOff process message: 101
D/BluetoothEventLoop( 8880): Property Changed: Powered : true
D/BluetoothEventLoop( 8880): Property Changed: Pairable : true
D/BluetoothAdapterStateMachine( 8880): Switching process message: 54
D/BluetoothEventLoop( 8880): Property Changed: Class : 5898764
D/BluetoothEventLoop( 8880): Property Changed: Pairable : true
D/BluetoothEventLoop( 8880): Property Changed: Discoverable : false
D/BluetoothAdapterStateMachine( 8880): Switching process message: 53
D/BluetoothBondState( 8880): found 1 bonded devices
D/BluetoothAdapterStateMachine( 8880): Bluetooth state 11 -> 12
D/BluetoothA2dpService( 8880): RemoteName: Parrot PARTY
D/BluetoothA2dpService( 8880): RemoteAlias: null
I/BluetoothDeviceProfileState( 8880): Entering ACL Connected state with: -2
D/BluetoothA2dpService( 8880): connectSink(00:12:1C:83:43:47)
I/BluetoothProfileState( 8880): Message:Entering PendingCommandState State
I/BluetoothDeviceProfileState( 8880): Entering OutgoingA2dp state with: 3
D/BluetoothA2dpService( 8880): A2DP state : device: 00:12:1C:83:43:47 State:0->1
D/BluetoothService( 8880): CONNECTION_STATE_CHANGE: 00:12:1C:83:43:47: 0 -> 1
D/BluetoothA2dpService( 8880): A2DP: onSinkPropertyChanged newState is: 1 mPlayingA2dpDevice: null
D/CachedBluetoothDevice( 5226): onProfileStateChanged: profile A2DP newProfileState 1
D/DockEventReceiver( 5226): finishStartingService: stopping service
I/BtOppRfcommListener( 5924): Accept thread started on channel 12
D/BluetoothEventLoop( 8880): Device property changed: 00:12:1C:83:43:47 property: Connected value: true
I/HeadsetService( 5671): Headset=false; Bluetooth=false
D/EventHub( 8880): No input device configuration file found for device 'AVRCP'.
I/EventHub( 8880): New device: id=13, fd=262, path='/dev/input/event11', name='AVRCP', classes=0x80000001, configuration='', keyLayout='/system/usr/keylayout/AVRCP.kl', keyCharacterMap='/system/usr/keychars/Generic.kcm', builtinKeyboard=false, usingSuspendBlockIoctl=false, usingClockIoctl=false
I/InputReader( 8880): Device added: id=13, name='AVRCP', sources=0x00000101
D/BluetoothA2dpService( 8880): A2DP: onSinkPropertyChanged newState is: 2 mPlayingA2dpDevice: null
D/BluetoothA2dpService( 8880): A2DP state : device: 00:12:1C:83:43:47 State:1->2
E/AudioPolicyManagerBase( 8699): setDeviceConnectionState() invalid device: 80
D/CachedBluetoothDevice( 5226): onProfileStateChanged: profile A2DP newProfileState 2
D/BluetoothService( 8880): CONNECTION_STATE_CHANGE: 00:12:1C:83:43:47: 1 -> 2
I/BluetoothProfileState( 8880): Message:Entering Stable State
D/BluetoothA2dpService( 8880): sendMetaData /org/bluez/8580/hci0/dev_00_12_1C_83_43_47
I/BluetoothDeviceProfileState( 8880): Entering ACL Connected state with: 102
D/BluetoothA2dpService( 8880): sendEvent /org/bluez/8580/hci0/dev_00_12_1C_83_43_47 data 0
D/LocalBluetoothManager( 5226): setting foreground activity to null
I/BufferQueue( 1009): BufferQueue: minUndequeued=2
D/dalvikvm( 5226): GC_EXPLICIT freed 1246K, 42% free 5068K/8707K, paused 7ms+3ms, total 132ms
W/NvAudioDevice( 8699): @@(Device.cpp-hal)@@ setOutputMute(force unmute)
D/ ( 1004): @@(WM8994)@@ ACWM8994SetPowerMode(), CurrPowerMode = 1, PowerMode = 1
I/ActivityManager( 8880): Start proc com.spotify.mobile.android.ui for broadcast com.spotify.mobile.android.ui/.widget.SpotifyWidget: pid=8659 uid=10103 gids={3003, 1015, 1028}
E/Trace ( 8659): error opening trace file: No such file or directory (2)
V/ActivityThread( 8659): com.spotify.mobile.android.ui white listed for hwui
I/ActivityThread( 8659): Pub com.spotify.mobile.android: com.spotify.mobile.android.provider.SpotifyProvider
I/ActivityThread( 8659): Pub com.spotify.mobile.android.util.SpotifySuggestionProvider: com.spotify.mobile.android.util.SpotifySuggestionProvider
I/AudioService( 8880): AudioFocus requestAudioFocus() from android.media.AudioManager@40e4ce80com.spotify.mobile.android.service.s@40e55ee8
D/PhoneStatusBar( 8951): addNotification score=0
D/SizeAdaptiveLayout( 8951): com.android.internal.widget.SizeAdaptiveLayout@4105bde8child view android.widget.FrameLayout@4116d7b8 measured out of bounds at 95px clamped to 96px
D/SizeAdaptiveLayout( 8951): com.android.internal.widget.SizeAdaptiveLayout@4105bde8child view android.widget.FrameLayout@4116d7b8 measured out of bounds at 95px clamped to 96px
D/dalvikvm( 8880): GC_CONCURRENT freed 1879K, 38% free 15947K/25351K, paused 31ms+9ms, total 142ms
D/dalvikvm( 5819): GC_CONCURRENT freed 1642K, 56% free 3883K/8707K, paused 3ms+2ms, total 216ms
D/dalvikvm( 5819): WAIT_FOR_CONCURRENT_GC blocked 18ms
D/PhoneStatusBar( 8951): addNotification score=0
D/SizeAdaptiveLayout( 8951): com.android.internal.widget.SizeAdaptiveLayout@4117f6c0child view android.widget.FrameLayout@41051660 measured out of bounds at 95px clamped to 96px
D/SizeAdaptiveLayout( 8951): com.android.internal.widget.SizeAdaptiveLayout@4117f6c0child view android.widget.FrameLayout@41051660 measured out of bounds at 95px clamped to 96px
D/SizeAdaptiveLayout( 8951): com.android.internal.widget.SizeAdaptiveLayout@4117f6c0child view android.widget.FrameLayout@41051660 measured out of bounds at 95px clamped to 96px
D/SizeAdaptiveLayout( 8951): com.android.internal.widget.SizeAdaptiveLayout@4117f6c0child view android.widget.FrameLayout@41051660 measured out of bounds at 95px clamped to 96px
D/dalvikvm( 5819): GC_CONCURRENT freed 1871K, 57% free 3783K/8707K, paused 3ms+7ms, total 68ms
D/dalvikvm( 5819): WAIT_FOR_CONCURRENT_GC blocked 35ms
D/SizeAdaptiveLayout( 8951): com.android.internal.widget.SizeAdaptiveLayout@4117f6c0child view android.widget.FrameLayout@41051660 measured out of bounds at 95px clamped to 96px
D/SizeAdaptiveLayout( 8951): com.android.internal.widget.SizeAdaptiveLayout@4117f6c0child view android.widget.FrameLayout@41051660 measured out of bounds at 95px clamped to 96px
D/dalvikvm(21527): GC_CONCURRENT freed 2161K, 39% free 8926K/14535K, paused 8ms+12ms, total 102ms
D/SizeAdaptiveLayout( 8951): com.android.internal.widget.SizeAdaptiveLayout@4117f6c0child view android.widget.FrameLayout@41051660 measured out of bounds at 95px clamped to 96px
D/dalvikvm( 8951): GC_CONCURRENT freed 1387K, 28% free 11782K/16199K, paused 14ms+5ms, total 63ms
W/NvAudioDevice( 8699): @@(Device.cpp-hal)@@ setOutputMute(mute=1)
D/OpenGLRenderer( 8951): GL error from OpenGLRenderer: 0x505
E/OpenGLRenderer( 8951): Out of memory!
D/OpenGLRenderer( 8951): GL error from OpenGLRenderer: 0x505
E/OpenGLRenderer( 8951): Out of memory!
D/OpenGLRenderer( 8951): GL error from OpenGLRenderer: 0x505
E/OpenGLRenderer( 8951): Out of memory!
I/ActivityManager( 8880): Process com.google.android.googlequicksearchbox (pid 3305) has died.
D/OpenGLRenderer( 8951): GL error from OpenGLRenderer: 0x505
E/OpenGLRenderer( 8951): Out of memory!
I/ActivityManager( 8880): START {act=com.spotify.mobile.android.ui.action.player.SHOW flg=0x30000000 cmp=com.spotify.mobile.android.ui/.activity.MainActivity bnds=[12,81][147,211] u=0} from pid -1
W/NvAudioDevice( 8699): @@(Device.cpp-hal)@@ setOutputMute(force unmute)
D/ ( 1004): @@(WM8994)@@ ACWM8994SetPowerMode(), CurrPowerMode = 1, PowerMode = 1
I/BufferQueue( 1009): BufferQueue: minUndequeued=2
D/HockeyApp( 8659): Current handler class = com.android.internal.os.RuntimeInit$UncaughtHandler
I/AudioService( 8880): Remote Control registerMediaButtonIntent() for PendingIntent{4100e658: PendingIntentRecord{41551770 com.spotify.mobile.android.ui broadcastIntent}}
I/BufferQueue( 1009): BufferQueue: minUndequeued=2
D/libEGL ( 8659): loaded /system/lib/egl/libEGL_tegra.so
D/libEGL ( 8659): loaded /system/lib/egl/libGLESv1_CM_tegra.so
D/libEGL ( 8659): loaded /system/lib/egl/libGLESv2_tegra.so
D/OpenGLRenderer( 8659): Enabling debug mode 0
I/ActivityManager( 8880): Displayed com.spotify.mobile.android.ui/.activity.MainActivity: +583ms
W/PlayerFragment( 8659): No song information associated with position: 0
D/dalvikvm( 8880): GC_EXPLICIT freed 3077K, 42% free 14785K/25351K, paused 3ms+9ms, total 182ms
W/NvAudioDevice( 8699): @@(Device.cpp-hal)@@ setOutputMute(mute=1)
D/dalvikvm( 5819): GC_CONCURRENT freed 1425K, 54% free 4084K/8707K, paused 12ms+5ms, total 74ms
W/NvAudioDevice( 8699): @@(Device.cpp-hal)@@ setOutputMute(force unmute)
D/ ( 1004): @@(WM8994)@@ ACWM8994SetPowerMode(), CurrPowerMode = 1, PowerMode = 1
D/dalvikvm( 5819): GC_FOR_ALLOC freed 1011K, 54% free 4037K/8707K, paused 16ms, total 16ms
D/dalvikvm( 5819): GC_FOR_ALLOC freed 732K, 55% free 4003K/8707K, paused 22ms, total 22ms
D/dalvikvm( 5819): GC_FOR_ALLOC freed 697K, 54% free 4005K/8707K, paused 18ms, total 18ms
D/dalvikvm( 8659): GC_CONCURRENT freed 2218K, 40% free 5267K/8707K, paused 4ms+4ms, total 58ms
D/dalvikvm( 8659): WAIT_FOR_CONCURRENT_GC blocked 31ms
D/CountryDetector( 8880): No listener is left
I/ActivityManager( 8880): Process com.android.mms (pid 6755) has died.
W/NvAudioDevice( 8699): @@(Device.cpp-hal)@@ setOutputMute(mute=1)
D/PhoneStatusBar( 8951): disable: < expand icons alerts TICKER* system_info back home recent clock > D/WifiService( 8880): setWifiEnabled: true pid=8951, uid=10035
W/NvAudioDevice( 8699): @@(Device.cpp-hal)@@ setOutputMute(force unmute)
D/ ( 1004): @@(WM8994)@@ ACWM8994SetPowerMode(), CurrPowerMode = 1, PowerMode = 1
D/SoftapController( 8698): Softap fwReload - Ok
D/CommandListener( 8698): Setting iface cfg
D/CommandListener( 8698): Trying to bring down wlan0
D/dalvikvm( 8659): GC_FOR_ALLOC freed 761K, 41% free 5154K/8707K, paused 33ms, total 37ms
W/InputMethodManagerService( 8880): Window already focused, ignoring focus gain of: com.android.internal.view.IInputMethodClient$Stub$Proxy@41066630 attribute=null
D/PhoneStatusBar( 8951): disable: < expand icons alerts ticker* system_info back home recent clock > W/NvAudioDevice( 8699): @@(Device.cpp-hal)@@ setOutputMute(mute=1)
I/wpa_supplicant( 9178): Trying to associate with 00:21:29:7f:11:3a (SSID='Privada' freq=2462 MHz)
I/wpa_supplicant( 9178): CTRL-EVENT-STATE-CHANGE id=-1 state=5 BSSID=00:21:29:7f:11:3a SSID=
E/WifiStateMachine( 8880): Failed to set device name lge_star
E/WifiStateMachine( 8880): Failed to set manufacturer LGE
E/WifiStateMachine( 8880): Failed to set model name LG-P990
E/WifiStateMachine( 8880): Failed to set model number LG-P990
E/WifiStateMachine( 8880): Failed to set serial number
E/WifiStateMachine( 8880): Failed to set WPS config methods
E/WifiStateMachine( 8880): Failed to set primary device type 10-0050F204-5
E/wpa_supplicant( 9178): Ongoing Scan action...
I/wpa_supplicant( 9178): CTRL-EVENT-STATE-CHANGE id=0 state=6 BSSID=00:21:29:7f:11:3a SSID=Privada
I/wpa_supplicant( 9178): Associated with 00:21:29:7f:11:3a
I/wpa_supplicant( 9178): CTRL-EVENT-STATE-CHANGE id=0 state=7 BSSID=00:00:00:00:00:00 SSID=Privada
I/wpa_supplicant( 9178): CTRL-EVENT-STATE-CHANGE id=0 state=7 BSSID=00:00:00:00:00:00 SSID=Privada
I/wpa_supplicant( 9178): CTRL-EVENT-STATE-CHANGE id=0 state=8 BSSID=00:00:00:00:00:00 SSID=Privada
I/wpa_supplicant( 9178): CTRL-EVENT-STATE-CHANGE id=0 state=8 BSSID=00:00:00:00:00:00 SSID=Privada
I/wpa_supplicant( 9178): WPA: Key negotiation completed with 00:21:29:7f:11:3a [PTK=CCMP GTK=TKIP]
I/wpa_supplicant( 9178): CTRL-EVENT-STATE-CHANGE id=0 state=9 BSSID=00:00:00:00:00:00 SSID=Privada
I/wpa_supplicant( 9178): CTRL-EVENT-CONNECTED - Connection to 00:21:29:7f:11:3a completed (auth) [id=0 id_str=]
D/ConnectivityService( 8880): ConnectivityChange for WIFI: CONNECTED/CONNECTED
D/ConnectivityService( 8880): Policy requires mobile teardown
D/NetUtils( 8880): android_net_utils_resetConnections in env=0x2a2d53b8 clazz=0x95700001 iface=vsnet0 mask=0x3
D/ConnectivityService( 8880): ConnectivityChange for mobile: DISCONNECTED/DISCONNECTED
D/ConnectivityService( 8880): Attempting to switch to WIFI
D/ConnectivityService( 8880): Attempting to switch to BLUETOOTH_TETHER
D/ConnectivityService( 8880): resetConnections(vsnet0, 3)
D/dalvikvm( 8880): GC_EXPLICIT freed 1433K, 42% free 14789K/25351K, paused 7ms+11ms, total 126ms
W/Smack/Packet( 9101): notify conn break (IOEx), close connection
D/ConnectivityService( 8880): handleInetConditionChange: net=0 != default=1 - ignore
D/dalvikvm( 5819): GC_FOR_ALLOC freed 906K, 54% free 4054K/8707K, paused 22ms, total 23ms
D/Tethering( 8880): MasterInitialState.processMessage what=3
I/GTalkService/c( 9101): [AndroidEndpoint@1092632232] connect: acct=1000000, state=CONNECTING
I/GTalkService/c( 9101): [GTalkConnection@1092870248] connect: acct=1, state=CONNECTING
I/a ( 2572): Registering default exceptions handler
I/a ( 2572): TRACE_VERSION: 1.0.6
D/a ( 2572): APP_PACKAGE: com.anddoes.fancywidgets
D/a ( 2572): APP_VERSION: 3.5.5
D/PicasaUploaderSyncManager( 7580): active network: NetworkInfo: type: WIFI[], state: CONNECTED/CONNECTED, reason: (unspecified), extra: (none), roaming: false, failover: false, isAvailable: true
D/PicasaUploaderSyncManager( 7580): background data: true
D/a ( 2572): Looking for exceptions in: /data/data/com.anddoes.fancywidgets/files
D/PicasaSyncManager( 2958): active network: NetworkInfo: type: WIFI[], state: CONNECTED/CONNECTED, reason: (unspecified), extra: (none), roaming: false, failover: false, isAvailable: true
D/PicasaSyncManager( 2958): background data: true
I/AmazonAppstore.UpdateCommands( 7621): Self-updating enabled: true
D/Tethering( 8880): MasterInitialState.processMessage what=3
D/Tethering( 8880): MasterInitialState.processMessage what=3
D/dalvikvm( 5819): GC_FOR_ALLOC freed 897K, 55% free 4005K/8707K, paused 18ms, total 18ms
D/dalvikvm( 8659): GC_EXPLICIT freed 583K, 36% free 5573K/8707K, paused 2ms+5ms, total 61ms
D/dalvikvm( 9101): GC_CONCURRENT freed 1686K, 51% free 4343K/8707K, paused 5ms+4ms, total 98ms
D/dalvikvm( 8880): GC_EXPLICIT freed 659K, 42% free 14777K/25351K, paused 7ms+7ms, total 130ms
I/a ( 2572): Registering default exceptions handler
I/a ( 2572): TRACE_VERSION: 1.0.6
D/a ( 2572): APP_PACKAGE: com.anddoes.fancywidgets
D/a ( 2572): APP_VERSION: 3.5.5
D/a ( 2572): Looking for exceptions in: /data/data/com.anddoes.fancywidgets/files
D/PicasaUploaderSyncManager( 7580): active network: NetworkInfo: type: WIFI[], state: CONNECTED/CONNECTED, reason: (unspecified), extra: (none), roaming: false, failover: false, isAvailable: true
D/PicasaUploaderSyncManager( 7580): background data: true
D/ConnectivityService( 8880): handleInetConditionHoldEnd: net=1, condition=100, published condition=0
D/PicasaSyncManager( 2958): active network: NetworkInfo: type: WIFI[], state: CONNECTED/CONNECTED, reason: (unspecified), extra: (none), roaming: false, failover: false, isAvailable: true
D/PicasaSyncManager( 2958): background data: true
D/PicasaUploaderSyncManager( 7580): active network: NetworkInfo: type: WIFI[], state: CONNECTED/CONNECTED, reason: (unspecified), extra: (none), roaming: false, failover: false, isAvailable: true
D/PicasaUploaderSyncManager( 7580): background data: true
I/a ( 2572): Registering default exceptions handler
I/a ( 2572): TRACE_VERSION: 1.0.6
D/a ( 2572): APP_PACKAGE: com.anddoes.fancywidgets
D/a ( 2572): APP_VERSION: 3.5.5
D/a ( 2572): Looking for exceptions in: /data/data/com.anddoes.fancywidgets/files
D/PicasaSyncManager( 2958): active network: NetworkInfo: type: WIFI[], state: CONNECTED/CONNECTED, reason: (unspecified), extra: (none), roaming: false, failover: false, isAvailable: true
D/PicasaSyncManager( 2958): background data: true
I/AmazonAppstore.UpdateCommands( 7621): Self-updating enabled: true
D/ConnectivityService( 8880): handleInetConditionHoldEnd: net=1, condition=100, published condition=100
I/BufferQueue( 1009): BufferQueue: minUndequeued=2
W/InputMethodManagerService( 8880): Starting input on non-focused client com.android.internal.view.IInputMethodClient$Stub$Proxy@40ef9bc8 (uid=10103 pid=8659)
D/PhoneStatusBar( 8951): addNotification score=0
D/SizeAdaptiveLayout( 8951): com.android.internal.widget.SizeAdaptiveLayout@40e8d3a0child view android.widget.FrameLayout@410a6e70 measured out of bounds at 95px clamped to 96px
I/ActivityManager( 8880): START {act=com.spotify.mobile.android.ui.action.player.SHOW flg=0x30000000 cmp=com.spotify.mobile.android.ui/.activity.MainActivity bnds=[12,81][147,211] u=0} from pid -1
W/NvAudioDevice( 8699): @@(Device.cpp-hal)@@ setOutputMute(force unmute)
D/ ( 1004): @@(WM8994)@@ ACWM8994SetPowerMode(), CurrPowerMode = 1, PowerMode = 1
I/BufferQueue( 1009): BufferQueue: minUndequeued=2
D/HockeyApp( 8659): Current handler class = net.hockeyapp.android.m
I/AudioService( 8880): Remote Control registerMediaButtonIntent() for PendingIntent{414fdf70: PendingIntentRecord{41551770 com.spotify.mobile.android.ui broadcastIntent}}
I/BufferQueue( 1009): BufferQueue: minUndequeued=2
I/ActivityManager( 8880): Displayed com.spotify.mobile.android.ui/.activity.MainActivity: +204ms
W/PlayerFragment( 8659): No song information associated with position: 0
D/dalvikvm( 8880): GC_EXPLICIT freed 1348K, 42% free 14805K/25351K, paused 13ms+9ms, total 112ms
D/dalvikvm( 9101): GC_EXPLICIT freed 377K, 52% free 4228K/8707K, paused 3ms+3ms, total 36ms
D/dalvikvm( 5819): GC_FOR_ALLOC freed 1014K, 54% free 4006K/8707K, paused 28ms, total 28ms
D/dalvikvm( 5819): GC_FOR_ALLOC freed 714K, 54% free 4010K/8707K, paused 30ms, total 31ms
D/dalvikvm( 5819): GC_FOR_ALLOC freed 742K, 54% free 4012K/8707K, paused 16ms, total 17ms
D/dalvikvm( 8659): GC_CONCURRENT freed 1239K, 30% free 6104K/8707K, paused 3ms+7ms, total 58ms
D/dalvikvm( 8659): WAIT_FOR_CONCURRENT_GC blocked 27ms
D/dalvikvm( 5819): GC_FOR_ALLOC freed 696K, 54% free 4011K/8707K, paused 36ms, total 37ms
D/dalvikvm(21527): GC_CONCURRENT freed 2059K, 38% free 9030K/14535K, paused 39ms+4ms, total 103ms
D/dalvikvm(21527): WAIT_FOR_CONCURRENT_GC blocked 28ms
D/dalvikvm(21527): WAIT_FOR_CONCURRENT_GC blocked 38ms
D/dalvikvm( 8659): GC_FOR_ALLOC freed 984K, 32% free 6269K/9095K, paused 22ms, total 22ms
I/dalvikvm-heap( 8659): Grow heap (frag case) to 16.010MB for 1638416-byte allocation
I/BufferQueue( 1009): BufferQueue: minUndequeued=2
D/dalvikvm( 5819): GC_FOR_ALLOC freed 1127K, 53% free 4128K/8707K, paused 39ms, total 42ms
D/dalvikvm( 5819): GC_FOR_ALLOC freed 800K, 54% free 4044K/8707K, paused 16ms, total 16ms
D/dalvikvm( 5819): GC_FOR_ALLOC freed 699K, 54% free 4047K/8707K, paused 19ms, total 19ms
D/dalvikvm( 5819): GC_FOR_ALLOC freed 698K, 54% free 4047K/8707K, paused 15ms, total 16ms
D/dalvikvm( 5819): GC_FOR_ALLOC freed 353K, 50% free 4400K/8707K, paused 30ms, total 31ms
D/dalvikvm( 5819): GC_FOR_ALLOC freed 351K, 50% free 4401K/8707K, paused 39ms, total 40ms
D/dalvikvm( 8659): GC_CONCURRENT freed 456K, 24% free 8300K/10887K, paused 3ms+35ms, total 171ms
D/dalvikvm( 8880): GC_EXPLICIT freed 2123K, 42% free 14787K/25351K, paused 3ms+8ms, total 144ms
D/dalvikvm( 5819): GC_FOR_ALLOC freed 495K, 49% free 4444K/8707K, paused 33ms, total 33ms
D/dalvikvm( 5819): GC_FOR_ALLOC freed 410K, 50% free 4385K/8707K, paused 34ms, total 34ms
D/dalvikvm( 5819): GC_FOR_ALLOC freed 348K, 50% free 4383K/8707K, paused 17ms, total 18ms
D/dalvikvm( 5819): GC_FOR_ALLOC freed 348K, 50% free 4383K/8707K, paused 37ms, total 37ms
D/dalvikvm( 5819): GC_FOR_ALLOC freed 350K, 50% free 4383K/8707K, paused 37ms, total 38ms
