I/ActivityManager( 8880): START {act=android.intent.action.MAIN cat=[android.intent.category.HOME] flg=0x10200000 cmp=com.cyanogenmod.trebuchet/.Launcher u=0} from pid 8880
I/BufferQueue( 1009): BufferQueue: minUndequeued=2
W/NvAudioDevice( 8699): @@(Device.cpp-hal)@@ setOutputMute(mute=1)
D/dalvikvm( 8659): GC_FOR_ALLOC freed 1238K, 28% free 8303K/11399K, paused 20ms, total 22ms
I/dalvikvm-heap( 8659): Grow heap (frag case) to 17.943MB for 1582096-byte allocation
D/dalvikvm( 9051): GC_CONCURRENT freed 1794K, 40% free 5225K/8707K, paused 1ms+2ms, total 37ms
W/NvAudioDevice( 8699): @@(Device.cpp-hal)@@ setOutputMute(force unmute)
D/ ( 1004): @@(WM8994)@@ ACWM8994SetPowerMode(), CurrPowerMode = 1, PowerMode = 1
D/PhoneStatusBar( 8951): addNotification score=0
D/dalvikvm( 5819): GC_FOR_ALLOC freed 675K, 50% free 4415K/8707K, paused 82ms, total 84ms
D/SizeAdaptiveLayout( 8951): com.android.internal.widget.SizeAdaptiveLayout@4127c5b0child view android.widget.FrameLayout@412f2c70 measured out of bounds at 95px clamped to 96px
D/SizeAdaptiveLayout( 8951): com.android.internal.widget.SizeAdaptiveLayout@4127c5b0child view android.widget.FrameLayout@412f2c70 measured out of bounds at 95px clamped to 96px
D/dalvikvm( 5819): GC_FOR_ALLOC freed 451K, 51% free 4352K/8707K, paused 47ms, total 47ms
D/SizeAdaptiveLayout( 8951): com.android.internal.widget.SizeAdaptiveLayout@4127c5b0child view android.widget.FrameLayout@412f2c70 measured out of bounds at 95px clamped to 96px
D/dalvikvm( 5819): GC_FOR_ALLOC freed 419K, 50% free 4377K/8707K, paused 38ms, total 40ms
D/dalvikvm( 5819): GC_FOR_ALLOC freed 380K, 51% free 4353K/8707K, paused 34ms, total 34ms
D/dalvikvm( 8659): GC_CONCURRENT freed 338K, 24% free 9910K/12999K, paused 7ms+3ms, total 116ms
D/dalvikvm( 5819): GC_FOR_ALLOC freed 349K, 51% free 4352K/8707K, paused 64ms, total 65ms
D/dalvikvm( 5819): GC_FOR_ALLOC freed 347K, 51% free 4351K/8707K, paused 37ms, total 38ms
D/dalvikvm(21527): GC_CONCURRENT freed 2225K, 39% free 8937K/14535K, paused 2ms+15ms, total 55ms
D/dalvikvm( 5819): GC_FOR_ALLOC freed 353K, 50% free 4376K/8707K, paused 22ms, total 22ms
W/NvAudioDevice( 8699): @@(Device.cpp-hal)@@ setOutputMute(mute=1)
I/ActivityManager( 8880): Start proc com.google.android.googlequicksearchbox for service com.google.android.googlequicksearchbox/com.google.android.apps.sidekick.EntriesRefreshIntentService: pid=9724 uid=10055 gids={3003, 1028, 1007, 3002, 1015}
E/Trace ( 9724): error opening trace file: No such file or directory (2)
V/ActivityThread( 9724): com.google.android.googlequicksearchbox white listed for hwui
I/ActivityThread( 9724): Pub com.google.android.googlequicksearchbox.AudioProvider: com.google.android.speech.audio.AudioProvider
I/ActivityThread( 9724): Pub com.google.android.googlequicksearchbox.google: com.google.android.searchcommon.google.GoogleSuggestionProvider
I/ActivityManager( 8880): Start proc com.google.android.partnersetup for content provider com.google.android.partnersetup/.RlzAppProvider: pid=9740 uid=10049 gids={3003, 1028}
E/Trace ( 9740): error opening trace file: No such file or directory (2)
V/ActivityThread( 9740): com.google.android.partnersetup white listed for hwui
I/ActivityThread( 9740): Pub com.google.android.partnersetup.rlzprovider: com.google.android.partnersetup.RlzProvider
I/ActivityThread( 9740): Pub com.google.android.partnersetup.rlzappprovider: com.google.android.partnersetup.RlzAppProvider
I/LocationManagerService( 8880): request network (pid 9724) 285000 285000
E/wpa_supplicant( 9178): Ongoing Scan action...
E/wpa_supplicant( 9178): Ongoing Scan action...
I/ActivityManager( 8880): Start proc com.android.providers.calendar for content provider com.android.providers.calendar/.CalendarProvider2: pid=9778 uid=10008 gids={3003, 1015, 1028}
E/Trace ( 9778): error opening trace file: No such file or directory (2)
V/ActivityThread( 9778): com.android.providers.calendar white listed for hwui
I/ActivityThread( 9778): Pub com.android.calendar: com.android.providers.calendar.CalendarProvider2
I/dalvikvm( 9724): Total arena pages for JIT: 11
I/dalvikvm( 9724): Total arena pages for JIT: 12
I/dalvikvm( 9724): Total arena pages for JIT: 13
I/dalvikvm( 9724): Total arena pages for JIT: 14
I/dalvikvm( 9724): Total arena pages for JIT: 15
I/dalvikvm( 9724): Total arena pages for JIT: 16
I/dalvikvm( 9724): Total arena pages for JIT: 17
I/dalvikvm( 9724): Total arena pages for JIT: 18
W/GAV2 ( 9724): Thread[IntentService[Sidekick_EntriesRefreshIntentService],5,main]: Connection to service failed 1
W/GAV2 ( 9724): Thread[IntentService[Sidekick_EntriesRefreshIntentService],5,main]: Need to call initializea() and be in fallback mode to start dispatch.
W/ActivityManager( 8880): Unable to start service Intent { act=com.google.android.gms.analytics.service.START (has extras) }: not found
I/LocationManagerService( 8880): remove network (pid 9724), next minTime = 86400000
I/CalendarProvider2( 9778): Sending notification intent: Intent { act=android.intent.action.PROVIDER_CHANGED dat=content://com.android.calendar }
W/ContentResolver( 9778): Failed to get type for: content://com.android.calendar (Unknown URL content://com.android.calendar)
I/ActivityManager( 8880): Start proc com.android.calendar for broadcast com.android.calendar/.alerts.AlertReceiver: pid=9820 uid=10007 gids={3003, 1028}
E/Trace ( 9820): error opening trace file: No such file or directory (2)
V/ActivityThread( 9820): com.android.calendar white listed for hwui
D/Search.OnNetworkAccessHooks( 9724): notifySuccessfulNetworkAccess
D/Search.OnNetworkAccessHooks( 9724): notifyListeners
D/Search.OnNetworkAccessHooks( 9724): notifying com.google.android.searchcommon.google.UserInteractionLogger@40fb5ba8
W/GAV2 ( 9724): Thread[pooled-NetworkAccessHooks,5,main]: dispatch call queued. Need to call GAServiceManager.getInstance().initializea().
I/ActivityThread( 9820): Pub com.android.calendar.CalendarRecentSuggestionsProvider: com.android.calendar.CalendarRecentSuggestionsProvider
D/AlertReceiver( 9820): onReceive: a=android.intent.action.PROVIDER_CHANGED Intent { act=android.intent.action.PROVIDER_CHANGED dat=content://com.android.calendar flg=0x10 cmp=com.android.calendar/.alerts.AlertReceiver }
D/AlertService( 9820): 0 Action = android.intent.action.PROVIDER_CHANGED
D/AlertService( 9820): Beginning updateAlertNotification
D/AlertService( 9820): No fired or scheduled alerts
I/ActivityManager( 8880): START {act=android.intent.action.MAIN cat=[android.intent.category.LAUNCHER] flg=0x10200000 cmp=com.android.settings/.Settings bnds=[360,387][480,546] u=0} from pid 21527
W/NvAudioDevice( 8699): @@(Device.cpp-hal)@@ setOutputMute(force unmute)
D/ ( 1004): @@(WM8994)@@ ACWM8994SetPowerMode(), CurrPowerMode = 1, PowerMode = 1
D/dalvikvm( 8880): GC_FOR_ALLOC freed 2381K, 41% free 15115K/25351K, paused 71ms, total 71ms
I/BufferQueue( 1009): BufferQueue: minUndequeued=2
W/System.err( 5226): Removed 2131231244
W/System.err( 5226): Removed 2131231255
W/System.err( 5226): Removed 2131231256
W/System.err( 5226): Removed 2131231244
W/System.err( 5226): Removed 2131231255
W/System.err( 5226): Removed 2131231256
I/BufferQueue( 1009): BufferQueue: minUndequeued=2
D/WifiService( 8880): setWifiEnabled: true pid=5226, uid=1000
D/BluetoothAdapterStateMachine( 8880): BluetoothOn process message: 1
W/BluetoothAdapterStateMachine( 8880): BluetoothOn received: 1
I/ActivityManager( 8880): Displayed com.android.settings/.Settings: +455ms
D/OpenGLRenderer( 5226): GL error from OpenGLRenderer: 0x505
E/OpenGLRenderer( 5226): Out of memory!
I/ActivityManager( 8880): Process com.android.gallery3d (pid 6944) has died.
W/GAV2 ( 9724): Thread[Service Reconnect,5,main]: Connection to service failed 1
W/ActivityManager( 8880): Unable to start service Intent { act=com.google.android.gms.analytics.service.START (has extras) }: not found
W/GAV2 ( 9724): Thread[GAThread,5,main]: Exception sending hit: HttpHostConnectException
W/NvAudioDevice( 8699): @@(Device.cpp-hal)@@ setOutputMute(mute=1)
W/ProcessStats( 8880): Skipping unknown process pid 9883
W/ProcessStats( 8880): Skipping unknown process pid 9884
W/ProcessStats( 8880): Skipping unknown process pid 9885
D/OpenGLRenderer( 5226): GL error from OpenGLRenderer: 0x505
E/OpenGLRenderer( 5226): Out of memory!
W/NvAudioDevice( 8699): @@(Device.cpp-hal)@@ setOutputMute(force unmute)
I/ActivityManager( 8880): START {act=android.intent.action.MAIN cmp=com.android.settings/.SubSettings (has extras) u=0} from pid 5226
D/ ( 1004): @@(WM8994)@@ ACWM8994SetPowerMode(), CurrPowerMode = 1, PowerMode = 1
I/ActivityManager( 8880): Start proc com.android.defcontainer for service com.android.defcontainer/.DefaultContainerService: pid=9891 uid=10011 gids={1015, 2001, 1028}
D/dalvikvm( 8880): GC_EXPLICIT freed 601K, 38% free 15916K/25351K, paused 4ms+7ms, total 88ms
E/Trace ( 9891): error opening trace file: No such file or directory (2)
V/ActivityThread( 9891): com.android.defcontainer white listed for hwui
I/ManageApplications( 5226): onCreateOptionsMenu in ManageApplications{411ee5b0 #0 id=0x1020316}: com.android.internal.view.menu.MenuBuilder@41020000
I/ManageApplications( 5226): onCreateOptionsMenu in ManageApplications{411ee5b0 #0 id=0x1020316}: com.android.internal.view.menu.MenuBuilder@41020000
I/Choreographer( 5226): Skipped 54 frames! The application may be doing too much work on its main thread.
I/BufferQueue( 1009): BufferQueue: minUndequeued=2
W/System.err( 5226): Removed 2131231244
W/System.err( 5226): Removed 2131231255
W/System.err( 5226): Removed 2131231256
I/ActivityManager( 8880): Displayed com.android.settings/.SubSettings: +1s147ms
W/System.err( 5226): Removed 2131231244
W/System.err( 5226): Removed 2131231255
W/System.err( 5226): Removed 2131231256
D/OpenGLRenderer( 5226): GL error from OpenGLRenderer: 0x505
E/OpenGLRenderer( 5226): Out of memory!
W/NvAudioDevice( 8699): @@(Device.cpp-hal)@@ setOutputMute(mute=1)
D/PhoneStatusBar( 8951): disable: < expand icons alerts TICKER* system_info back home recent clock > I/Choreographer( 5226): Skipped 46 frames! The application may be doing too much work on its main thread.
D/dalvikvm( 5226): GC_FOR_ALLOC freed 422K, 32% free 5924K/8707K, paused 24ms, total 24ms
I/dalvikvm-heap( 5226): Grow heap (frag case) to 15.112MB for 1048592-byte allocation
D/dalvikvm( 5226): GC_CONCURRENT freed 71K, 25% free 9191K/12167K, paused 3ms+4ms, total 29ms
D/dalvikvm( 5226): GC_FOR_ALLOC freed 1095K, 32% free 8512K/12487K, paused 34ms, total 35ms
W/NvAudioDevice( 8699): @@(Device.cpp-hal)@@ setOutputMute(force unmute)
D/ ( 1004): @@(WM8994)@@ ACWM8994SetPowerMode(), CurrPowerMode = 1, PowerMode = 1
D/BluetoothAdapterStateMachine( 8880): BluetoothOn process message: 2
D/BluetoothAdapterStateMachine( 8880): Bluetooth state 12 -> 13
I/BtOppRfcommListener( 5924): stopping Accept Thread
I/HeadsetService( 5671): Headset=false; Bluetooth=false
E/Bluetooth HS/HF( 9051): BluetoothServerSocket could not accept connection
E/Bluetooth HS/HF( 9051): BluetoothServerSocket could not accept connection
E/BtOppRfcommListener( 5924): Error accept connection java.io.IOException: Operation Canceled
I/BtOppRfcommListener( 5924): BluetoothSocket listen thread finished
D/DockEventReceiver( 5226): finishStartingService: stopping service
I/AudioService( 8880): Remote Control registerMediaButtonIntent() for PendingIntent{40e1b6e0: PendingIntentRecord{410e4388 com.andrew.apollo broadcastIntent}}
D/BluetoothA2dpService( 8880): A2DP state : device: 00:12:1C:83:43:47 State:2->0
D/BluetoothService( 8880): CONNECTION_STATE_CHANGE: 00:12:1C:83:43:47: 2 -> 0
D/BluetoothAdapterStateMachine( 8880): Switching process message: 52
D/CachedBluetoothDevice( 5226): onProfileStateChanged: profile A2DP newProfileState 0
E/AudioPolicyManagerBase( 8699): setDeviceConnectionState() invalid device: 80
I/BluetoothDeviceProfileState( 8880): Entering IncomingA2dp state with: 53
I/BluetoothDeviceProfileState( 8880): Entering ACL Connected state with: 102
D/BluetoothA2dpService( 8880): action: com.android.music.metachanged
D/BluetoothA2dpService( 8880): track: Desconocido
D/BluetoothA2dpService( 8880): playing: false
D/BluetoothA2dpService( 8880): id: -1
D/BluetoothA2dpService( 8880): artist: Desconocido
D/BluetoothA2dpService( 8880): isfavorite: false
D/BluetoothA2dpService( 8880): album: Desconocido
D/BluetoothA2dpService( 8880): Meta changed 0
D/BluetoothA2dpService( 8880): player: com.android.music.metachanged
D/BluetoothA2dpService( 8880): trackname: Desconocido artist: Desconocido
D/BluetoothA2dpService( 8880): album: Desconocido
D/BluetoothA2dpService( 8880): medianumber: 0 mediacount 0
D/BluetoothA2dpService( 8880): postion 0 duration 0
D/PhoneStatusBar( 8951): disable: < expand icons alerts ticker* system_info back home recent clock > W/InputMethodManagerService( 8880): Window already focused, ignoring focus gain of: com.android.internal.view.IInputMethodClient$Stub$Proxy@40ea7828 attribute=null
I/EventHub( 8880): Removing device '/dev/input/event11' due to inotify event
I/EventHub( 8880): Removed device: path=/dev/input/event11 name=AVRCP id=13 fd=262 classes=0x80000001
D/BluetoothEventLoop( 8880): Device property changed: 00:12:1C:83:43:47 property: Connected value: false
D/BluetoothEventLoop( 8880): Property Changed: Pairable : false
D/BluetoothEventLoop( 8880): Property Changed: Powered : false
D/BluetoothAdapterStateMachine( 8880): Switching process message: 54
D/BluetoothAdapterStateMachine( 8880): HotOff process message: 102
E/BluetoothService.cpp( 8880): setBluetoothTetheringNative false
I/InputReader( 8880): Device removed: id=13, name='AVRCP', sources=0x00000101
I/HeadsetService( 5671): Headset=false; Bluetooth=false
D/BluetoothEventLoop( 8880): Property Changed: UUIDs : 10
D/BluetoothEventLoop( 8880): Property Changed: UUIDs : 9
I/bluedroid( 8880): Stopping bluetoothd deamon
D/dalvikvm( 5226): GC_FOR_ALLOC freed 389K, 27% free 9146K/12487K, paused 35ms, total 35ms
I/dalvikvm-heap( 5226): Grow heap (frag case) to 18.257MB for 1048592-byte allocation
I/bluedroid( 8880): Stopping hciattach deamon
D/BluetoothAdapterStateMachine( 8880): HotOff process message: 106
D/BluetoothAdapterStateMachine( 8880): Bluetooth state 13 -> 10
D/DockEventReceiver( 5226): finishStartingService: stopping service
W/NvAudioDevice( 8699): @@(Device.cpp-hal)@@ setOutputMute(mute=1)
I/BufferQueue( 1009): BufferQueue: minUndequeued=2
W/System.err( 5226): Removed 2131231244
W/System.err( 5226): Removed 2131231255
W/System.err( 5226): Removed 2131231256
D/dalvikvm( 5226): GC_CONCURRENT freed 215K, 19% free 11093K/13575K, paused 3ms+5ms, total 57ms
D/dalvikvm( 5226): GC_FOR_ALLOC freed 74K, 17% free 11488K/13831K, paused 24ms, total 25ms
I/dalvikvm-heap( 5226): Grow heap (frag case) to 21.794MB for 2359312-byte allocation
D/dalvikvm( 5226): GC_CONCURRENT freed 220K, 15% free 14188K/16647K, paused 4ms+4ms, total 70ms
W/NvAudioDevice( 8699): @@(Device.cpp-hal)@@ setOutputMute(force unmute)
I/ActivityManager( 8880): START {act=android.intent.action.MAIN cmp=com.android.settings/.SubSettings (has extras) u=0} from pid 5226
D/ ( 1004): @@(WM8994)@@ ACWM8994SetPowerMode(), CurrPowerMode = 1, PowerMode = 1
I/ManageApplications( 5226): onCreateOptionsMenu in ManageApplications{412b9690 #0 id=0x1020316}: com.android.internal.view.menu.MenuBuilder@411ea4e0
I/ManageApplications( 5226): onCreateOptionsMenu in ManageApplications{412b9690 #0 id=0x1020316}: com.android.internal.view.menu.MenuBuilder@411ea4e0
I/BufferQueue( 1009): BufferQueue: minUndequeued=2
W/System.err( 5226): Removed 2131231244
W/System.err( 5226): Removed 2131231255
W/System.err( 5226): Removed 2131231256
I/ActivityManager( 8880): Process com.google.android.apps.uploader (pid 7580) has died.
I/ActivityManager( 8880): Displayed com.android.settings/.SubSettings: +493ms
W/System.err( 5226): Removed 2131231244
W/System.err( 5226): Removed 2131231255
W/System.err( 5226): Removed 2131231256
D/VoldCmdListener( 1002): asec fspath com.koushikdutta.rommanager.license-1
D/VoldCmdListener( 1002): asec fspath com.leomar75mobily1.droidprocon-1
D/VoldCmdListener( 1002): asec fspath com.mpisoft.doors-1
D/VoldCmdListener( 1002): asec fspath com.quoord.tapatalkpro.activity-1
D/VoldCmdListener( 1002): asec fspath com.tobiapps.android_100floors_guide-1
I/dalvikvm( 5226): Jit: resizing JitTable from 4096 to 8192
W/NvAudioDevice( 8699): @@(Device.cpp-hal)@@ setOutputMute(mute=1)
I/ManageApplications( 5226): onCreateOptionsMenu in ManageApplications{412b9690 #0 id=0x1020316}: com.android.internal.view.menu.MenuBuilder@411ea4e0
I/ActivityManager( 8880): Process com.amazon.venezia (pid 7621) has died.
I/ManageApplications( 5226): onCreateOptionsMenu in ManageApplications{412b9690 #0 id=0x1020316}: com.android.internal.view.menu.MenuBuilder@411ea4e0
I/ActivityManager( 8880): START {act=android.intent.action.MAIN cmp=com.android.settings/.SubSettings (has extras) u=0} from pid 5226
W/NvAudioDevice( 8699): @@(Device.cpp-hal)@@ setOutputMute(force unmute)
D/ ( 1004): @@(WM8994)@@ ACWM8994SetPowerMode(), CurrPowerMode = 1, PowerMode = 1
W/System.err( 5226): Removed 2131231244
W/System.err( 5226): Removed 2131231255
W/System.err( 5226): Removed 2131231256
I/BufferQueue( 1009): BufferQueue: minUndequeued=2
I/ActivityManager( 8880): Displayed com.android.settings/.SubSettings: +183ms
W/System.err( 5226): Removed 2131231244
W/System.err( 5226): Removed 2131231255
W/System.err( 5226): Removed 2131231256
I/ManageApplications( 5226): onCreateOptionsMenu in ManageApplications{412b9690 #0 id=0x1020316}: com.android.internal.view.menu.MenuBuilder@411ea4e0
I/BufferQueue( 1009): BufferQueue: minUndequeued=2
W/System.err( 5226): Removed 2131231244
W/System.err( 5226): Removed 2131231255
W/System.err( 5226): Removed 2131231256
D/dalvikvm( 5226): GC_EXPLICIT freed 960K, 13% free 14991K/17159K, paused 5ms+6ms, total 70ms
I/ActivityManager( 8880): START {act=android.intent.action.MAIN cmp=com.android.settings/.SubSettings (has extras) u=0} from pid 5226
I/BufferQueue( 1009): BufferQueue: minUndequeued=2
W/System.err( 5226): Removed 2131231244
W/System.err( 5226): Removed 2131231255
W/System.err( 5226): Removed 2131231256
I/ActivityManager( 8880): Displayed com.android.settings/.SubSettings: +245ms
W/System.err( 5226): Removed 2131231244
W/System.err( 5226): Removed 2131231255
W/System.err( 5226): Removed 2131231256
I/ManageApplications( 5226): onCreateOptionsMenu in ManageApplications{412b9690 #0 id=0x1020316}: com.android.internal.view.menu.MenuBuilder@411ea4e0
I/BufferQueue( 1009): BufferQueue: minUndequeued=2
W/System.err( 5226): Removed 2131231244
W/System.err( 5226): Removed 2131231255
W/System.err( 5226): Removed 2131231256
W/NvAudioDevice( 8699): @@(Device.cpp-hal)@@ setOutputMute(mute=1)
D/dalvikvm( 5226): GC_EXPLICIT freed 323K, 13% free 15052K/17159K, paused 3ms+7ms, total 44ms
D/OpenGLRenderer( 5226): GL error from OpenGLRenderer: 0x505
E/OpenGLRenderer( 5226): Out of memory!
I/BufferQueue( 1009): BufferQueue: minUndequeued=2
W/System.err( 5226): Removed 2131231244
W/System.err( 5226): Removed 2131231255
W/System.err( 5226): Removed 2131231256
D/dalvikvm( 5226): GC_EXPLICIT freed 297K, 14% free 14908K/17159K, paused 4ms+4ms, total 44ms
I/BufferQueue( 1009): BufferQueue: minUndequeued=2
I/ActivityManager( 8880): START {act=android.intent.action.MAIN cat=[com.android.settings.SHORTCUT] flg=0x10200000 cmp=com.android.settings/.Settings$BluetoothSettingsActivity bnds=[360,228][480,387] u=0} from pid 21527
W/NvAudioDevice( 8699): @@(Device.cpp-hal)@@ setOutputMute(force unmute)
D/ ( 1004): @@(WM8994)@@ ACWM8994SetPowerMode(), CurrPowerMode = 1, PowerMode = 1
D/dalvikvm( 8880): GC_FOR_ALLOC freed 4236K, 42% free 14905K/25351K, paused 106ms, total 109ms
I/BufferQueue( 1009): BufferQueue: minUndequeued=2
D/LocalBluetoothManager( 5226): setting foreground activity to non-null context
I/BufferQueue( 1009): BufferQueue: minUndequeued=2
W/System.err( 5226): Removed 2131231244
W/System.err( 5226): Removed 2131231255
W/System.err( 5226): Removed 2131231256
I/ActivityManager( 8880): Displayed com.android.settings/.Settings$BluetoothSettingsActivity: +376ms
W/System.err( 5226): Removed 2131231244
W/System.err( 5226): Removed 2131231255
W/System.err( 5226): Removed 2131231256
W/NvAudioDevice( 8699): @@(Device.cpp-hal)@@ setOutputMute(mute=1)
D/BluetoothAdapterStateMachine( 8880): PowerOff process message: 1
D/BluetoothAdapterStateMachine( 8880): Bluetooth state 10 -> 11
I/bluedroid( 8880): Starting hciattach daemon
E/brcm_patchram_plus(10153): Done setting line discpline
I/bluedroid( 8880): Starting bluetoothd deamon
E/BluetoothEventLoop.cpp( 8880): get_adapter_path: D-Bus error: org.freedesktop.DBus.Error.ServiceUnknown (The name org.bluez was not provided by any .service files)
E/BluetoothEventLoop.cpp( 8880): get_adapter_path: D-Bus error: org.freedesktop.DBus.Error.ServiceUnknown (The name org.bluez was not provided by any .service files)
E/BluetoothEventLoop.cpp( 8880): get_adapter_path: D-Bus error: org.freedesktop.DBus.Error.ServiceUnknown (The name org.bluez was not provided by any .service files)
E/BluetoothEventLoop.cpp( 8880): get_adapter_path: D-Bus error: org.freedesktop.DBus.Error.ServiceUnknown (The name org.bluez was not provided by any .service files)
E/BluetoothEventLoop.cpp( 8880): get_adapter_path: D-Bus error: org.freedesktop.DBus.Error.ServiceUnknown (The name org.bluez was not provided by any .service files)
E/BluetoothEventLoop.cpp( 8880): get_adapter_path: D-Bus error: org.freedesktop.DBus.Error.ServiceUnknown (The name org.bluez was not provided by any .service files)
E/BluetoothEventLoop.cpp( 8880): get_adapter_path: D-Bus error: org.bluez.Error.NoSuchAdapter (No such adapter)
E/BluetoothEventLoop.cpp( 8880): failure setting up Event Loop!
I/BluetoothEventLoop.cpp( 8880): agent_event_filter: Received method org.bluez.Agent:Release
D/BluetoothEventLoop( 8880): Property Changed: Pairable : false
D/BluetoothEventLoop( 8880): Property Changed: Powered : false
D/BluetoothEventLoop( 8880): Property Changed: UUIDs : 5
E/BluetoothService.cpp( 8880): setBluetoothTetheringNative true
D/BluetoothEventLoop( 8880): Property Changed: UUIDs : 6
D/BluetoothEventLoop( 8880): Property Changed: UUIDs : 7
D/BluetoothEventLoop( 8880): Property Changed: UUIDs : 8
D/BluetoothAdapterStateMachine( 8880): WarmUp process message: 101
D/BluetoothAdapterStateMachine( 8880): WarmUp process message: 54
D/BluetoothEventLoop( 8880): Property Changed: UUIDs : 9
D/BluetoothEventLoop( 8880): Property Changed: UUIDs : 10
D/BluetoothAdapterStateMachine( 8880): WarmUp process message: 51
D/BluetoothAdapterStateMachine( 8880): HotOff process message: 101
D/BluetoothEventLoop( 8880): Property Changed: Powered : true
D/BluetoothAdapterStateMachine( 8880): Switching process message: 54
D/BluetoothEventLoop( 8880): Property Changed: Pairable : true
D/BluetoothEventLoop( 8880): Property Changed: Class : 5898764
D/BluetoothEventLoop( 8880): Property Changed: Pairable : true
D/BluetoothEventLoop( 8880): Property Changed: Discoverable : false
D/BluetoothAdapterStateMachine( 8880): Switching process message: 53
D/BluetoothBondState( 8880): found 1 bonded devices
I/BluetoothDeviceProfileState( 8880): Entering ACL Connected state with: -2
D/BluetoothAdapterStateMachine( 8880): Bluetooth state 11 -> 12
D/BluetoothA2dpService( 8880): RemoteName: Parrot PARTY
D/BluetoothA2dpService( 8880): RemoteAlias: null
D/BluetoothA2dpService( 8880): connectSink(00:12:1C:83:43:47)
I/BluetoothProfileState( 8880): Message:Entering PendingCommandState State
I/BluetoothDeviceProfileState( 8880): Entering OutgoingA2dp state with: 3
D/BluetoothA2dpService( 8880): A2DP state : device: 00:12:1C:83:43:47 State:0->1
D/BluetoothService( 8880): CONNECTION_STATE_CHANGE: 00:12:1C:83:43:47: 0 -> 1
D/BluetoothA2dpService( 8880): A2DP: onSinkPropertyChanged newState is: 1 mPlayingA2dpDevice: null
D/CachedBluetoothDevice( 5226): onProfileStateChanged: profile A2DP newProfileState 1
D/DockEventReceiver( 5226): finishStartingService: stopping service
I/BtOppRfcommListener( 5924): Accept thread started on channel 12
D/BluetoothEventLoop( 8880): Device property changed: 00:12:1C:83:43:47 property: Connected value: true
I/HeadsetService( 5671): Headset=false; Bluetooth=false
D/EventHub( 8880): No input device configuration file found for device 'AVRCP'.
I/EventHub( 8880): New device: id=14, fd=262, path='/dev/input/event11', name='AVRCP', classes=0x80000001, configuration='', keyLayout='/system/usr/keylayout/AVRCP.kl', keyCharacterMap='/system/usr/keychars/Generic.kcm', builtinKeyboard=false, usingSuspendBlockIoctl=false, usingClockIoctl=false
I/InputReader( 8880): Device added: id=14, name='AVRCP', sources=0x00000101
D/BluetoothA2dpService( 8880): A2DP: onSinkPropertyChanged newState is: 2 mPlayingA2dpDevice: null
E/AudioPolicyManagerBase( 8699): setDeviceConnectionState() invalid device: 80
D/BluetoothA2dpService( 8880): A2DP state : device: 00:12:1C:83:43:47 State:1->2
D/CachedBluetoothDevice( 5226): onProfileStateChanged: profile A2DP newProfileState 2
D/BluetoothService( 8880): CONNECTION_STATE_CHANGE: 00:12:1C:83:43:47: 1 -> 2
I/BluetoothProfileState( 8880): Message:Entering Stable State
D/BluetoothA2dpService( 8880): sendMetaData /org/bluez/10160/hci0/dev_00_12_1C_83_43_47
I/BluetoothDeviceProfileState( 8880): Entering ACL Connected state with: 102
D/BluetoothA2dpService( 8880): sendEvent /org/bluez/10160/hci0/dev_00_12_1C_83_43_47 data 0
I/HeadsetService( 5671): Audio session removed: 531
I/AudioService( 8880): AudioFocus abandonAudioFocus() from android.media.AudioManager@40e5b298com.andrew.apollo.service.ApolloService$3@40e5af28
I/HeadsetService( 5671): Selected configuration: speaker
I/ActivityManager( 8880): START {act=android.intent.action.MAIN cat=[android.intent.category.HOME] flg=0x10200000 cmp=com.cyanogenmod.trebuchet/.Launcher u=0} from pid 8880
D/LocalBluetoothManager( 5226): setting foreground activity to null
I/BufferQueue( 1009): BufferQueue: minUndequeued=2
I/ActivityManager( 8880): Start proc com.amazon.venezia for service com.amazon.venezia/com.amazon.mas.client.framework.UpdateService: pid=10197 uid=10104 gids={3003, 1015, 1028}
I/dalvikvm(10197): Turning on JNI app bug workarounds for target SDK version 8...
E/Trace (10197): error opening trace file: No such file or directory (2)
V/ActivityThread(10197): com.amazon.venezia white listed for hwui
W/NvAudioDevice( 8699): @@(Device.cpp-hal)@@ setOutputMute(force unmute)
D/ ( 1004): @@(WM8994)@@ ACWM8994SetPowerMode(), CurrPowerMode = 1, PowerMode = 1
I/AmazonProfile(10197): TLogger created for Appstore, id= 142
I/AmazonProfile(10197): trace 142_0 / OpenAppStore-end defined for Appstore
I/AmazonProfile(10197): trace 142_1 / AppLibraryFromAppStore-start defined for Appstore
I/AmazonProfile(10197): trace 142_2 / AppstoreAppDetailPage-start defined for Appstore
I/AmazonProfile(10197): trace 142_3 / AppstoreAppDetailPage-end defined for Appstore
I/AmazonProfile(10197): trace 142_4 / AppstoreAppGatewayPage-start defined for Appstore
I/AmazonProfile(10197): trace 142_5 / AppstoreAppGatewayPage-end defined for Appstore
I/AmazonProfile(10197): trace 142_6 / AppstoreAppPurchase-start defined for Appstore
I/AmazonProfile(10197): trace 142_7 / AppstoreAppPurchase-end defined for Appstore
I/AmazonProfile(10197): trace 142_8 / AppstoreAppDownload-start defined for Appstore
I/AmazonProfile(10197): trace 142_9 / AppstoreAppDownload-end defined for Appstore
I/AmazonProfile(10197): trace 142_10 / AppstoreAppInstall-start defined for Appstore
I/AmazonProfile(10197): trace 142_11 / AppstoreAppInstall-end defined for Appstore
I/AmazonProfile(10197): trace 142_12 / AppstoreAppSearch-start defined for Appstore
I/AmazonProfile(10197): trace 142_13 / AppstoreAppSearch-end defined for Appstore
I/AmazonProfile(10197): trace 142_14 / AppstoreAppCategory-start defined for Appstore
I/AmazonProfile(10197): trace 142_15 / AppstoreAppCategory-end defined for Appstore
I/AmazonProfile(10197): trace 142_16 / AppstoreAppExternalCategory-start defined for Appstore
I/AmazonProfile(10197): trace 142_17 / AppstoreAppExternalCategory-end defined for Appstore
I/AmazonProfile(10197): trace 142_18 / AppstoreAppLaunch-start defined for Appstore
I/AmazonProfile(10197): trace 142_19 / AppstoreAppLaunch-end defined for Appstore
D/dalvikvm( 5819): GC_FOR_ALLOC freed 416K, 50% free 4380K/8707K, paused 46ms, total 47ms
D/dalvikvm( 8951): GC_FOR_ALLOC freed 5443K, 43% free 9281K/16199K, paused 153ms, total 163ms
D/PhoneStatusBar( 8951): addNotification score=0
D/dalvikvm( 5819): GC_FOR_ALLOC freed 416K, 51% free 4352K/8707K, paused 28ms, total 53ms
V//ContextScope.java:112(10197): 14:23:31.895 main Contexts in the main scope map after inserting com.amazon.mas.client.MASClientApplication@40e6fa00: com.amazon.mas.client.MASClientApplication@40e6fa00
D/SizeAdaptiveLayout( 8951): com.android.internal.widget.SizeAdaptiveLayout@40e88c00child view android.widget.FrameLayout@40e8e4a0 measured out of bounds at 95px clamped to 96px
D/SizeAdaptiveLayout( 8951): com.android.internal.widget.SizeAdaptiveLayout@40e88c00child view android.widget.FrameLayout@40e8e4a0 measured out of bounds at 95px clamped to 96px
D/OpenGLRenderer( 8951): GL error from OpenGLRenderer: 0x505
E/OpenGLRenderer( 8951): Out of memory!
D/dalvikvm(10197): GC_CONCURRENT freed 4123K, 61% free 3413K/8707K, paused 3ms+3ms, total 65ms
D//Ln.java:220(10197): 14:23:33.035 main Configuring Logging, minimum log level is INFO
I/AmazonAppstore.AppstoreBuildDetector(10197): This is a release build
W/nalizableReferenceQueue(10197): Could not load Finalizer in its own class loader. Loading Finalizer in the current class loader instead. As a result, you will not be able to garbage collect this class loader. To support reclaiming this class loader, either resolve the underlying issue, or move Google Collections to your system class path.
W/nalizableReferenceQueue(10197): java.io.FileNotFoundException: com/google/inject/internal/Finalizer.class
W/nalizableReferenceQueue(10197): at com.google.inject.internal.FinalizableReferenceQueue$DecoupledLoader.getBaseUrl(FinalizableReferenceQueue.java:269)
W/nalizableReferenceQueue(10197): at com.google.inject.internal.FinalizableReferenceQueue$DecoupledLoader.loadFinalizer(FinalizableReferenceQueue.java:253)
W/nalizableReferenceQueue(10197): at com.google.inject.internal.FinalizableReferenceQueue.loadFinalizer(FinalizableReferenceQueue.java:175)
W/nalizableReferenceQueue(10197): at com.google.inject.internal.FinalizableReferenceQueue.(FinalizableReferenceQueue.java:100)
W/nalizableReferenceQueue(10197): at com.google.inject.internal.MapMaker$QueueHolder.(MapMaker.java:787)
W/nalizableReferenceQueue(10197): at com.google.inject.internal.MapMaker$WeakEntry.(MapMaker.java:946)
W/nalizableReferenceQueue(10197): at com.google.inject.internal.MapMaker$Strength$1.newEntry(MapMaker.java:312)
W/nalizableReferenceQueue(10197): at com.google.inject.internal.MapMaker$StrategyImpl.newEntry(MapMaker.java:498)
W/nalizableReferenceQueue(10197): at com.google.inject.internal.MapMaker$StrategyImpl.newEntry(MapMaker.java:419)
W/nalizableReferenceQueue(10197): at com.google.inject.internal.CustomConcurrentHashMap$ComputingImpl.get(CustomConcurrentHashMap.java:2029)
W/nalizableReferenceQueue(10197): at com.google.inject.internal.BytecodeGen.getClassLoader(BytecodeGen.java:149)
W/nalizableReferenceQueue(10197): at com.google.inject.internal.BytecodeGen.getClassLoader(BytecodeGen.java:132)
W/nalizableReferenceQueue(10197): at com.google.inject.internal.ConstructionContext.createProxy(ConstructionContext.java:80)
W/nalizableReferenceQueue(10197): at com.google.inject.ConstructorInjector.construct(ConstructorInjector.java:70)
W/nalizableReferenceQueue(10197): at com.google.inject.ConstructorBindingImpl$Factory.get(ConstructorBindingImpl.java:111)
W/nalizableReferenceQueue(10197): at com.google.inject.ProviderToInternalFactoryAdapter$1.call(ProviderToInternalFactoryAdapter.java:45)
W/nalizableReferenceQueue(10197): at com.google.inject.InjectorImpl.callInContext(InjectorImpl.java:811)
W/nalizableReferenceQueue(10197): at com.google.inject.ProviderToInternalFactoryAdapter.get(ProviderToInternalFactoryAdapter.java:42)
W/nalizableReferenceQueue(10197): at com.google.inject.Scopes$1$1.get(Scopes.java:54)
W/nalizableReferenceQueue(10197): at com.google.inject.InternalFactoryToProviderAdapter.get(InternalFactoryToProviderAdapter.java:48)
W/nalizableReferenceQueue(10197): at com.google.inject.FactoryProxy.get(FactoryProxy.java:56)
W/nalizableReferenceQueue(10197): at com.google.inject.SingleParameterInjector.inject(SingleParameterInjector.java:42)
W/nalizableReferenceQueue(10197): at com.google.inject.SingleParameterInjector.getAll(SingleParameterInjector.java:66)
W/nalizableReferenceQueue(10197): at com.google.inject.ConstructorInjector.construct(ConstructorInjector.java:84)
W/nalizableReferenceQueue(10197): at com.google.inject.ConstructorBindingImpl$Factory.get(ConstructorBindingImpl.java:111)
W/nalizableReferenceQueue(10197): at com.google.inject.ProviderToInternalFactoryAdapter$1.call(ProviderToInternalFactoryAdapter.java:45)
W/nalizableReferenceQueue(10197): at com.google.inject.InjectorImpl.callInContext(InjectorImpl.java:811)
W/nalizableReferenceQueue(10197): at com.google.inject.ProviderToInternalFactoryAdapter.get(ProviderToInternalFactoryAdapter.java:42)
W/nalizableReferenceQueue(10197): at com.google.inject.Scopes$1$1.get(Scopes.java:54)
W/nalizableReferenceQueue(10197): at com.google.inject.InternalFactoryToProviderAdapter.get(InternalFactoryToProviderAdapter.java:48)
W/nalizableReferenceQueue(10197): at com.google.inject.FactoryProxy.get(FactoryProxy.java:56)
W/nalizableReferenceQueue(10197): at com.google.inject.SingleParameterInjector.inject(SingleParameterInjector.java:42)
W/nalizableReferenceQueue(10197): at com.google.inject.SingleParameterInjector.getAll(SingleParameterInjector.java:66)
W/nalizableReferenceQueue(10197): at com.google.inject.ConstructorInjector.construct(ConstructorInjector.java:84)
W/nalizableReferenceQueue(10197): at com.google.inject.ConstructorBindingImpl$Factory.get(ConstructorBindingImpl.java:111)
W/nalizableReferenceQueue(10197): at com.google.inject.ProviderToInternalFactoryAdapter$1.call(ProviderToInternalFactoryAdapter.java:45)
W/nalizableReferenceQueue(10197): at com.google.inject.InjectorImpl.callInContext(InjectorImpl.java:811)
W/nalizableReferenceQueue(10197): at com.google.inject.ProviderToInternalFactoryAdapter.get(ProviderToInternalFactoryAdapter.java:42)
W/nalizableReferenceQueue(10197): at com.google.inject.Scopes$1$1.get(Scopes.java:54)
W/nalizableReferenceQueue(10197): at com.google.inject.InternalFactoryToProviderAdapter.get(InternalFactoryToProviderAdapter.java:48)
W/nalizableReferenceQueue(10197): at com.google.inject.FactoryProxy.get(FactoryProxy.java:56)
W/nalizableReferenceQueue(10197): at com.google.inject.SingleParameterInjector.inject(SingleParameterInjector.java:42)
W/nalizableReferenceQueue(10197): at com.google.inject.SingleParameterIn I/AmazonAppstore.DynamicResources.ResourceUpdaterImpl(10197): Attempting to read manifests from cached path PropertyMap:{ Name:Log RecordType:Log LogLevel:Info device.systemTime:1346588613151 device.sdkVersion:16 device.hardware:p990 LogTag:DynamicResources.ResourceUpdaterImpl device.androidRelease:4.1.1 device.manufacturer:LGE device.brand:generic device.model:LG-P990 MessageContents:Attempting to read manifests from cached path };
D/dalvikvm(10197): GC_FOR_ALLOC freed 1383K, 59% free 3611K/8707K, paused 26ms, total 26ms
I/dalvikvm-heap(10197): Grow heap (frag case) to 11.975MB for 131088-byte allocation
I/Manifest(10197): MASCLIENT-1972: Found delimiter at: 3
I/ResourceDescriptor(10197): MASCLIENT-1972: Still looking for ResourceTypes: [String, File]
I/ResourceDescriptor(10197): MASCLIENT-1972: Parsing key: VersionFilterInstance
I/ResourceDescriptor(10197): MASCLIENT-1972: Still looking for ResourceTypes: [String, File]
I/ResourceDescriptor(10197): MASCLIENT-1972: Parsing key: Timestamp
I/ResourceDescriptor(10197): MASCLIENT-1972: Still looking for ResourceTypes: [String, File]
I/ResourceDescriptor(10197): MASCLIENT-1972: Parsing key: String
D/dalvikvm(10197): GC_CONCURRENT freed 1105K, 58% free 4334K/10247K, paused 3ms+4ms, total 29ms
I/ResourceDescriptor(10197): MASCLIENT-1972: Found 2274 variations.
I/ResourceDescriptor(10197): MASCLIENT-1972: Still looking for ResourceTypes: [File]
I/ResourceDescriptor(10197): MASCLIENT-1972: Parsing key: File
I/ResourceDescriptor(10197): MASCLIENT-1972: Found 515 variations.
I/ResourceDescriptor(10197): MASCLIENT-1972: Keys in resources: [File, String]
I/Manifest(10197): MASCLIENT-1972: Found delimiter at: 344
I/ResourceDescriptor(10197): MASCLIENT-1972: Still looking for ResourceTypes: [String, File]
I/ResourceDescriptor(10197): MASCLIENT-1972: Parsing key: Timestamp
I/ResourceDescriptor(10197): MASCLIENT-1972: Still looking for ResourceTypes: [String, File]
I/ResourceDescriptor(10197): MASCLIENT-1972: Parsing key: VersionFilterInstance
I/ResourceDescriptor(10197): MASCLIENT-1972: Still looking for ResourceTypes: [String, File]
I/ResourceDescriptor(10197): MASCLIENT-1972: Parsing key: String
W/ThrottleService( 8880): unable to find stats for iface vsnet0
D/dalvikvm(10197): GC_CONCURRENT freed 409K, 44% free 5767K/10247K, paused 3ms+2ms, total 46ms
D/dalvikvm(10197): WAIT_FOR_CONCURRENT_GC blocked 17ms
I/ResourceDescriptor(10197): MASCLIENT-1972: Found 2274 variations.
I/ResourceDescriptor(10197): MASCLIENT-1972: Still looking for ResourceTypes: [File]
I/ResourceDescriptor(10197): MASCLIENT-1972: Parsing key: File
I/ResourceDescriptor(10197): MASCLIENT-1972: Found 515 variations.
I/ResourceDescriptor(10197): MASCLIENT-1972: Still looking for ResourceTypes: []
I/ResourceDescriptor(10197): MASCLIENT-1972: Parsing key: StaticContentVersion
I/ResourceDescriptor(10197): MASCLIENT-1972: Could not handle: StaticContentVersion
I/ResourceDescriptor(10197): MASCLIENT-1972: Keys in resources: [File, String] I/AmazonAppstore.AppstoreDeviceStateProviderImpl(10197): safeGetIsLoggedIn() and Cor true ES
D/dalvikvm(10197): GC_FOR_ALLOC freed 1058K, 37% free 6544K/10247K, paused 36ms, total 36ms
D/dalvikvm(10197): GC_CONCURRENT freed 190K, 35% free 6685K/10247K, paused 2ms+4ms, total 41ms
I/dalvikvm(10197): Total arena pages for JIT: 11
I/dalvikvm(10197): Total arena pages for JIT: 12
I/dalvikvm(10197): Total arena pages for JIT: 13
I/dalvikvm(10197): Total arena pages for JIT: 14
I/dalvikvm(10197): Total arena pages for JIT: 15
I/dalvikvm(10197): Total arena pages for JIT: 16
D/libEGL (10197): loaded /system/lib/egl/libEGL_tegra.so
I/dalvikvm(10197): Total arena pages for JIT: 17
D/libEGL (10197): loaded /system/lib/egl/libGLESv1_CM_tegra.so
D/dalvikvm(10197): GC_CONCURRENT freed 1744K, 35% free 6728K/10247K, paused 7ms+7ms, total 96ms
D/libEGL (10197): loaded /system/lib/egl/libGLESv2_tegra.so
I/dalvikvm(10197): Total arena pages for JIT: 18
I/MASClientApplication(10197): Not enabling crash reporter (unsupported on this device)
D/dalvikvm(10197): GC_CONCURRENT freed 1365K, 30% free 7184K/10247K, paused 3ms+7ms, total 74ms
D/dalvikvm(10197): WAIT_FOR_CONCURRENT_GC blocked 67ms
I/dalvikvm(10197): Failed resolving Lcom/amazonaws/http/HttpClientFactory$TrustingSocketFactory; interface 6265 'Lorg/apache/http/conn/scheme/SchemeSocketFactory;'
W/dalvikvm(10197): Link of class 'Lcom/amazonaws/http/HttpClientFactory$TrustingSocketFactory;' failed
D/dalvikvm(10197): DexOpt: unable to opt direct call 0x5412 at 0x8d in Lcom/amazonaws/http/HttpClientFactory;.createHttpClient
D/dalvikvm(10197): DexOpt: unable to opt direct call 0xa86e at 0x96 in Lcom/amazonaws/http/HttpClientFactory;.createHttpClient I/AmazonAppstore.AppstoreDeviceStateProviderImpl(10197): safeGetIsLoggedIn() and Cor true ES
D/dalvikvm(10197): GC_CONCURRENT freed 1158K, 24% free 7869K/10247K, paused 4ms+4ms, total 80ms
D/dalvikvm(10197): WAIT_FOR_CONCURRENT_GC blocked 41ms
D/dalvikvm(10197): WAIT_FOR_CONCURRENT_GC blocked 41ms
I/AmazonAppstore.UpdateCommands(10197): Self-updating enabled: true
I/AvailabilitySDK(10197): scheduled configuration update @ 2012-09-02 20:21:26 (repeating)
I/AvailabilitySDK(10197): scheduled submission update @ 2012-09-02 15:23:35 (repeating)
I/AvailabilitySDK(10197): created schedule @ 2012-09-02 14:23:35
I/Manifest(10197): MASCLIENT-1972: Could not find delimiter.
I/ResourceDescriptor(10197): MASCLIENT-1972: Resource descriptor JSON was empty object. I/AmazonAppstore.DynamicResources.DynamicResourcesManagerImpl(10197): Incoming manifest contained empty resource descriptor. Update not necessary. PropertyMap:{ Name:Log RecordType:Log LogLevel:Info device.systemTime:1346588617246 device.sdkVersion:16 device.hardware:p990 LogTag:DynamicResources.DynamicResourcesManagerImpl device.androidRelease:4.1.1 device.manufacturer:LGE device.brand:generic device.model:LG-P990 MessageContents:Incoming manifest contained empty resource descriptor. Update not necessary. };
D/dalvikvm( 5819): GC_FOR_ALLOC freed 552K, 50% free 4413K/8707K, paused 22ms, total 24ms
D/dalvikvm( 5819): GC_FOR_ALLOC freed 381K, 50% free 4387K/8707K, paused 16ms, total 17ms
D/dalvikvm( 8880): GC_CONCURRENT freed 1995K, 38% free 15941K/25351K, paused 3ms+8ms, total 110ms
D/dalvikvm( 5819): GC_FOR_ALLOC freed 348K, 50% free 4385K/8707K, paused 97ms, total 97ms
D/dalvikvm( 5819): GC_FOR_ALLOC freed 348K, 50% free 4385K/8707K, paused 23ms, total 23ms
D/dalvikvm( 5819): GC_FOR_ALLOC freed 349K, 50% free 4383K/8707K, paused 28ms, total 29ms
W/NvAudioDevice( 8699): @@(Device.cpp-hal)@@ setOutputMute(mute=1) W/AmazonAppstore.com.amazon.mcc.resources.updates.ColdStartListener(10197): ColdStart event never encountered, handling events. PropertyMap:{ Name:Log RecordType:Log LogLevel:Warning device.systemTime:1346588628137 device.sdkVersion:16 device.hardware:p990 LogTag:com.amazon.mcc.resources.updates.ColdStartListener device.androidRelease:4.1.1 device.manufacturer:LGE device.brand:generic device.model:LG-P990 MessageContents:ColdStart event never encountered, handling events. }; I/AmazonAppstore.com.amazon.mcc.resources.updates.ColdStartListener(10197): Executing 1 events queued for cold start completion PropertyMap:{ Name:Log RecordType:Log LogLevel:Info device.systemTime:1346588628142 device.sdkVersion:16 device.hardware:p990 LogTag:com.amazon.mcc.resources.updates.ColdStartListener device.androidRelease:4.1.1 device.manufacturer:LGE device.brand:generic device.model:LG-P990 MessageContents:Executing 1 events queued for cold start completion };
D/dalvikvm(10197): GC_CONCURRENT freed 1696K, 27% free 8039K/10887K, paused 3ms+3ms, total 83ms
D/dalvikvm(10197): WAIT_FOR_CONCURRENT_GC blocked 40ms
D/dalvikvm(10197): WAIT_FOR_CONCURRENT_GC blocked 40ms
D/dalvikvm(10197): GC_CONCURRENT freed 1804K, 27% free 8109K/11079K, paused 4ms+3ms, total 69ms
D/dalvikvm(10197): WAIT_FOR_CONCURRENT_GC blocked 43ms
D/dalvikvm(10197): GC_FOR_ALLOC freed 12K, 28% free 8161K/11207K, paused 45ms, total 45ms
I/dalvikvm-heap(10197): Grow heap (frag case) to 16.387MB for 97660-byte allocation
D/dalvikvm(10197): GC_CONCURRENT freed 2845K, 33% free 8174K/12167K, paused 4ms+7ms, total 202ms
D/dalvikvm(10197): GC_CONCURRENT freed 1648K, 32% free 8332K/12167K, paused 3ms+3ms, total 56ms
D/dalvikvm(10197): WAIT_FOR_CONCURRENT_GC blocked 47ms
D/dalvikvm(10197): GC_FOR_ALLOC freed 1065K, 33% free 8267K/12167K, paused 45ms, total 46ms
D/dalvikvm(10197): GC_FOR_ALLOC freed 1611K, 33% free 8252K/12167K, paused 48ms, total 49ms
D/dalvikvm(10197): GC_CONCURRENT freed 2064K, 34% free 8127K/12167K, paused 2ms+3ms, total 60ms
D/dalvikvm(10197): WAIT_FOR_CONCURRENT_GC blocked 41ms
D/dalvikvm(10197): WAIT_FOR_CONCURRENT_GC blocked 41ms
D/dalvikvm(10197): GC_CONCURRENT freed 1861K, 33% free 8161K/12167K, paused 4ms+4ms, total 62ms
D/dalvikvm(10197): WAIT_FOR_CONCURRENT_GC blocked 42ms
D/dalvikvm(10197): GC_CONCURRENT freed 1846K, 33% free 8210K/12167K, paused 4ms+4ms, total 60ms
D/dalvikvm(10197): WAIT_FOR_CONCURRENT_GC blocked 43ms
D/dalvikvm(10197): GC_CONCURRENT freed 1906K, 33% free 8228K/12167K, paused 3ms+4ms, total 61ms
D/dalvikvm(10197): WAIT_FOR_CONCURRENT_GC blocked 41ms
D/dalvikvm(10197): WAIT_FOR_CONCURRENT_GC blocked 41ms
D/dalvikvm(10197): GC_FOR_ALLOC freed 1006K, 32% free 8345K/12167K, paused 50ms, total 50ms
I/dalvikvm-heap(10197): Grow heap (frag case) to 16.599MB for 131088-byte allocation
D/dalvikvm(10197): GC_CONCURRENT freed 2212K, 40% free 8772K/14407K, paused 4ms+8ms, total 74ms